CRAN Package Check Results for Package compactr

Last updated on 2020-06-01 15:47:39 CEST.

Flavor Version Tinstall Tcheck Ttotal Status Flags
r-devel-linux-x86_64-debian-clang 0.1 1.88 18.74 20.62 NOTE
r-devel-linux-x86_64-debian-gcc 0.1 1.41 15.26 16.67 NOTE
r-devel-linux-x86_64-fedora-clang 0.1 33.94 NOTE
r-devel-linux-x86_64-fedora-gcc 0.1 25.21 NOTE
r-devel-windows-ix86+x86_64 0.1 6.00 40.00 46.00 NOTE
r-patched-linux-x86_64 0.1 1.90 18.83 20.73 NOTE
r-patched-solaris-x86 0.1 38.40 NOTE
r-release-linux-x86_64 0.1 1.77 18.64 20.41 NOTE
r-release-osx-x86_64 0.1 NOTE
r-release-windows-ix86+x86_64 0.1 4.00 31.00 35.00 NOTE
r-oldrel-osx-x86_64 0.1 NOTE
r-oldrel-windows-ix86+x86_64 0.1 4.00 40.00 44.00 NOTE

Check Details

Version: 0.1
Check: R code for possible problems
Result: NOTE
    addxaxis: no visible global function definition for 'par'
    addxaxis: no visible global function definition for 'axis'
    addxaxis: no visible global function definition for 'mtext'
    eplot: no visible global function definition for 'par'
    eplot: no visible global function definition for 'axis'
    eplot: no visible global function definition for 'mtext'
    Undefined global functions or variables:
     axis mtext par
    Consider adding
     importFrom("graphics", "axis", "mtext", "par")
    to your NAMESPACE file.
Flavors: r-devel-linux-x86_64-debian-clang, r-devel-linux-x86_64-debian-gcc, r-devel-linux-x86_64-fedora-clang, r-devel-linux-x86_64-fedora-gcc, r-devel-windows-ix86+x86_64, r-patched-linux-x86_64, r-patched-solaris-x86, r-release-linux-x86_64, r-release-osx-x86_64, r-release-windows-ix86+x86_64

Version: 0.1
Check: R code for possible problems
Result: NOTE
    addxaxis: no visible global function definition for ‘par’
    addxaxis: no visible global function definition for ‘axis’
    addxaxis: no visible global function definition for ‘mtext’
    eplot: no visible global function definition for ‘plot’
    eplot: no visible global function definition for ‘par’
    eplot: no visible global function definition for ‘axis’
    eplot: no visible global function definition for ‘mtext’
    Undefined global functions or variables:
     axis mtext par plot
    Consider adding
     importFrom("graphics", "axis", "mtext", "par", "plot")
    to your NAMESPACE file.
Flavors: r-oldrel-osx-x86_64, r-oldrel-windows-ix86+x86_64