CRAN Package Check Results for Package commonsMath

Last updated on 2020-08-03 05:48:43 CEST.

Flavor Version Tinstall Tcheck Ttotal Status Flags
r-devel-linux-x86_64-debian-clang 1.2.5 2.14 97.48 99.62 OK
r-devel-linux-x86_64-debian-gcc 1.2.5 1.69 76.79 78.48 OK
r-devel-linux-x86_64-fedora-clang 1.2.5 111.36 OK
r-devel-linux-x86_64-fedora-gcc 1.2.5 122.91 OK
r-devel-windows-ix86+x86_64 1.2.5 9.00 137.00 146.00 OK
r-patched-linux-x86_64 1.2.5 2.10 101.93 104.03 OK
r-patched-solaris-x86 1.2.5 51.30 NOTE
r-release-linux-x86_64 1.2.5 2.23 100.02 102.25 OK
r-release-macos-x86_64 1.2.5 OK
r-release-windows-ix86+x86_64 1.2.5 11.00 66.00 77.00 OK
r-oldrel-macos-x86_64 1.2.5 OK
r-oldrel-windows-ix86+x86_64 1.2.5 6.00 139.00 145.00 OK

Check Details

Version: 1.2.5
Check: package dependencies
Result: NOTE
    Package suggested but not available for checking: ‘rscala’
Flavor: r-patched-solaris-x86