CRAN Package Check Results for Package combinat

Last updated on 2020-07-08 15:47:42 CEST.

Flavor Version Tinstall Tcheck Ttotal Status Flags
r-devel-linux-x86_64-debian-clang 0.0-8 2.12 18.93 21.05 NOTE
r-devel-linux-x86_64-debian-gcc 0.0-8 1.58 15.21 16.79 NOTE
r-devel-linux-x86_64-fedora-clang 0.0-8 34.93 NOTE
r-devel-linux-x86_64-fedora-gcc 0.0-8 25.86 NOTE
r-devel-windows-ix86+x86_64 0.0-8 5.00 29.00 34.00 NOTE
r-patched-linux-x86_64 0.0-8 2.24 19.26 21.50 NOTE
r-patched-solaris-x86 0.0-8 38.80 NOTE
r-release-linux-x86_64 0.0-8 1.99 19.29 21.28 NOTE
r-release-osx-x86_64 0.0-8 NOTE
r-release-windows-ix86+x86_64 0.0-8 5.00 30.00 35.00 NOTE
r-oldrel-osx-x86_64 0.0-8 NOTE
r-oldrel-windows-ix86+x86_64 0.0-8 4.00 37.00 41.00 NOTE

Check Details

Version: 0.0-8
Check: DESCRIPTION meta-information
Result: NOTE
    Malformed Description field: should contain one or more complete sentences.
Flavors: r-devel-linux-x86_64-debian-clang, r-devel-linux-x86_64-debian-gcc, r-devel-linux-x86_64-fedora-clang, r-devel-linux-x86_64-fedora-gcc, r-devel-windows-ix86+x86_64, r-patched-linux-x86_64, r-patched-solaris-x86, r-release-linux-x86_64, r-release-osx-x86_64, r-release-windows-ix86+x86_64, r-oldrel-osx-x86_64, r-oldrel-windows-ix86+x86_64