CRAN Package Check Results for Package combinIT

Last updated on 2024-03-03 16:49:54 CET.

Flavor Version Tinstall Tcheck Ttotal Status Flags
r-devel-linux-x86_64-debian-clang 2.0.0 52.13 53.40 105.53 NOTE
r-devel-linux-x86_64-debian-gcc 2.0.0 40.49 58.55 99.04 NOTE
r-devel-linux-x86_64-fedora-clang 2.0.0 137.34 NOTE
r-devel-linux-x86_64-fedora-gcc 2.0.0 145.28 NOTE
r-devel-windows-x86_64 2.0.0 35.00 83.00 118.00 NOTE
r-patched-linux-x86_64 2.0.0 43.49 62.95 106.44 NOTE
r-release-linux-x86_64 2.0.0 45.73 69.13 114.86 NOTE
r-release-macos-arm64 2.0.0 38.00 NOTE
r-release-macos-x86_64 2.0.0 68.00 NOTE
r-release-windows-x86_64 2.0.0 31.00 94.00 125.00 NOTE
r-oldrel-macos-arm64 2.0.0 36.00 OK
r-oldrel-windows-x86_64 2.0.0 42.00 92.00 134.00 OK

Check Details

Version: 2.0.0
Check: C++ specification
Result: NOTE Specified C++11: please drop specification unless essential Flavors: r-devel-linux-x86_64-debian-clang, r-devel-linux-x86_64-debian-gcc, r-devel-linux-x86_64-fedora-clang, r-devel-linux-x86_64-fedora-gcc, r-devel-windows-x86_64, r-patched-linux-x86_64, r-release-linux-x86_64, r-release-macos-arm64, r-release-macos-x86_64, r-release-windows-x86_64