CRAN Package Check Results for Package colorspace

Last updated on 2020-07-14 03:47:40 CEST.

Flavor Version Tinstall Tcheck Ttotal Status Flags
r-devel-linux-x86_64-debian-clang 1.4-1 12.85 90.23 103.08 NOTE
r-devel-linux-x86_64-debian-gcc 1.4-1 9.81 69.48 79.29 NOTE
r-devel-linux-x86_64-fedora-clang 1.4-1 135.37 NOTE
r-devel-linux-x86_64-fedora-gcc 1.4-1 125.54 NOTE
r-devel-windows-ix86+x86_64 1.4-1 7.00 7.00 14.00 ERROR
r-patched-linux-x86_64 1.4-1 11.70 88.10 99.80 NOTE
r-patched-solaris-x86 1.4-1 158.10 NOTE
r-release-linux-x86_64 1.4-1 11.42 89.18 100.60 NOTE
r-release-macos-x86_64 1.4-1 ERROR
r-release-windows-ix86+x86_64 1.4-1 34.00 146.00 180.00 OK
r-oldrel-macos-x86_64 1.4-1 OK
r-oldrel-windows-ix86+x86_64 1.4-1 43.00 172.00 215.00 OK

Check Details

Version: 1.4-1
Check: for non-standard things in the check directory
Result: NOTE
    Found the following files/directories:
     'random.txt'
Flavors: r-devel-linux-x86_64-debian-clang, r-devel-linux-x86_64-debian-gcc, r-devel-linux-x86_64-fedora-clang, r-devel-linux-x86_64-fedora-gcc, r-patched-linux-x86_64, r-patched-solaris-x86, r-release-linux-x86_64

Version: 1.4-1
Check: whether package can be installed
Result: ERROR
    Installation failed.
Flavors: r-devel-windows-ix86+x86_64, r-release-macos-x86_64