CRAN Package Check Results for Package colorist

Last updated on 2020-08-13 15:50:58 CEST.

Flavor Version Tinstall Tcheck Ttotal Status Flags
r-devel-linux-x86_64-debian-clang 0.1.0 0.58 2.25 2.83 ERROR
r-devel-linux-x86_64-debian-gcc 0.1.0 7.79 77.79 85.58 OK
r-devel-linux-x86_64-fedora-clang 0.1.0 144.17 OK
r-devel-linux-x86_64-fedora-gcc 0.1.0 133.23 OK
r-devel-windows-ix86+x86_64 0.1.0 32.00 101.00 133.00 OK
r-patched-linux-x86_64 0.1.0 10.09 101.18 111.27 OK
r-patched-solaris-x86 0.1.0 186.00 OK
r-release-linux-x86_64 0.1.0 8.77 100.65 109.42 OK
r-release-macos-x86_64 0.1.0 OK
r-release-windows-ix86+x86_64 0.1.0 30.00 143.00 173.00 OK
r-oldrel-macos-x86_64 0.1.0 OK
r-oldrel-windows-ix86+x86_64 0.1.0 18.00 89.00 107.00 OK

Check Details

Version: 0.1.0
Check: package dependencies
Result: ERROR
    Package required but not available: 'tidyr'
    
    See section 'The DESCRIPTION file' in the 'Writing R Extensions'
    manual.
Flavor: r-devel-linux-x86_64-debian-clang