CRAN Package Check Results for Package colorBlindness

Last updated on 2024-02-25 04:51:01 CET.

Flavor Version Tinstall Tcheck Ttotal Status Flags
r-devel-linux-x86_64-debian-clang 0.1.9 6.46 69.60 76.06 OK
r-devel-linux-x86_64-debian-gcc 0.1.9 5.41 51.37 56.78 OK
r-devel-linux-x86_64-fedora-clang 0.1.9 90.69 NOTE
r-devel-linux-x86_64-fedora-gcc 0.1.9 101.73 OK
r-devel-windows-x86_64 0.1.9 7.00 72.00 79.00 NOTE
r-patched-linux-x86_64 0.1.9 6.18 65.13 71.31 OK
r-release-linux-x86_64 0.1.9 4.52 64.71 69.23 OK
r-release-macos-arm64 0.1.9 43.00 NOTE
r-release-macos-x86_64 0.1.9 57.00 NOTE
r-release-windows-x86_64 0.1.9 9.00 80.00 89.00 NOTE
r-oldrel-macos-arm64 0.1.9 34.00 NOTE
r-oldrel-windows-x86_64 0.1.9 10.00 85.00 95.00 NOTE

Check Details

Version: 0.1.9
Check: installed package size
Result: NOTE installed size is 5.2Mb sub-directories of 1Mb or more: doc 4.9Mb Flavors: r-devel-linux-x86_64-fedora-clang, r-devel-windows-x86_64, r-release-macos-arm64, r-release-macos-x86_64, r-release-windows-x86_64, r-oldrel-macos-arm64, r-oldrel-windows-x86_64