CRAN Package Check Results for Package cofeatureR

Last updated on 2024-02-27 16:49:12 CET.

Flavor Version Tinstall Tcheck Ttotal Status Flags
r-devel-linux-x86_64-debian-clang 1.1.1 2.37 26.21 28.58 NOTE
r-devel-linux-x86_64-debian-gcc 1.1.1 1.74 20.11 21.85 NOTE
r-devel-linux-x86_64-fedora-clang 1.1.1 35.74 NOTE
r-devel-linux-x86_64-fedora-gcc 1.1.1 34.62 NOTE
r-devel-windows-x86_64 1.1.1 3.00 42.00 45.00 NOTE
r-patched-linux-x86_64 1.1.1 2.41 25.83 28.24 NOTE
r-release-linux-x86_64 1.1.1 2.29 25.88 28.17 NOTE
r-release-macos-arm64 1.1.1 18.00 NOTE
r-release-macos-x86_64 1.1.1 23.00 NOTE
r-release-windows-x86_64 1.1.1 4.00 42.00 46.00 NOTE
r-oldrel-macos-arm64 1.1.1 15.00 NOTE
r-oldrel-windows-x86_64 1.1.1 4.00 49.00 53.00 NOTE

Check Details

Version: 1.1.1
Check: LazyData
Result: NOTE 'LazyData' is specified without a 'data' directory Flavors: r-devel-linux-x86_64-debian-clang, r-devel-linux-x86_64-debian-gcc, r-devel-linux-x86_64-fedora-clang, r-devel-linux-x86_64-fedora-gcc, r-devel-windows-x86_64, r-patched-linux-x86_64, r-release-linux-x86_64, r-release-macos-arm64, r-release-macos-x86_64, r-release-windows-x86_64, r-oldrel-macos-arm64, r-oldrel-windows-x86_64

Version: 1.1.1
Check: dependencies in R code
Result: NOTE Namespace in Imports field not imported from: ‘tibble’ All declared Imports should be used. Flavors: r-devel-linux-x86_64-fedora-clang, r-devel-linux-x86_64-fedora-gcc, r-oldrel-macos-arm64