CRAN Package Check Results for Package coenoflex

Last updated on 2020-08-08 15:46:43 CEST.

Flavor Version Tinstall Tcheck Ttotal Status Flags
r-devel-linux-x86_64-debian-clang 2.2-0 9.09 58.32 67.41 OK
r-devel-linux-x86_64-debian-gcc 2.2-0 6.70 44.07 50.77 OK
r-devel-linux-x86_64-fedora-clang 2.2-0 87.26 NOTE
r-devel-linux-x86_64-fedora-gcc 2.2-0 77.34 NOTE
r-devel-windows-ix86+x86_64 2.2-0 23.00 106.00 129.00 OK
r-patched-linux-x86_64 2.2-0 7.94 56.61 64.55 OK
r-patched-solaris-x86 2.2-0 120.20 OK
r-release-linux-x86_64 2.2-0 8.82 56.22 65.04 OK
r-release-macos-x86_64 2.2-0 OK
r-release-windows-ix86+x86_64 2.2-0 28.00 81.00 109.00 OK
r-oldrel-macos-x86_64 2.2-0 OK
r-oldrel-windows-ix86+x86_64 2.2-0 16.00 103.00 119.00 OK

Check Details

Version: 2.2-0
Check: compiled code
Result: NOTE
    File ‘coenoflex/libs/coenoflex.so’:
     Found no calls to: ‘R_registerRoutines’, ‘R_useDynamicSymbols’
    
    It is good practice to register native routines and to disable symbol
    search.
    
    See ‘Writing portable packages’ in the ‘Writing R Extensions’ manual.
Flavors: r-devel-linux-x86_64-fedora-clang, r-devel-linux-x86_64-fedora-gcc