Last updated on 2023-12-01 16:51:14 CET.
Flavor | Version | Tinstall | Tcheck | Ttotal | Status | Flags |
---|---|---|---|---|---|---|
r-devel-linux-x86_64-debian-clang | 0.9.2 | 8.10 | 166.96 | 175.06 | NOTE | |
r-devel-linux-x86_64-debian-gcc | 0.9.2 | 6.29 | 126.93 | 133.22 | NOTE | |
r-devel-linux-x86_64-fedora-clang | 0.9.2 | 214.43 | NOTE | |||
r-devel-linux-x86_64-fedora-gcc | 0.9.2 | 280.73 | NOTE | |||
r-devel-windows-x86_64 | 0.9.2 | 8.00 | 151.00 | 159.00 | NOTE | |
r-patched-linux-x86_64 | 0.9.2 | 5.15 | 163.01 | 168.16 | NOTE | |
r-release-linux-x86_64 | 0.9.2 | 5.31 | 160.48 | 165.79 | NOTE | |
r-release-macos-arm64 | 0.9.2 | 97.00 | NOTE | |||
r-release-macos-x86_64 | 0.9.2 | 236.00 | NOTE | |||
r-release-windows-x86_64 | 0.9.2 | 10.00 | 191.00 | 201.00 | NOTE | |
r-oldrel-macos-arm64 | 0.9.2 | 91.00 | NOTE | |||
r-oldrel-macos-x86_64 | 0.9.2 | 142.00 | NOTE | |||
r-oldrel-windows-x86_64 | 0.9.2 | 11.00 | 191.00 | 202.00 | NOTE |
Version: 0.9.2
Check: package dependencies
Result: NOTE
Package suggested but not available for checking: ‘userfriendlyscience’
Flavors: r-devel-linux-x86_64-debian-clang, r-devel-linux-x86_64-debian-gcc, r-devel-linux-x86_64-fedora-clang, r-devel-linux-x86_64-fedora-gcc, r-devel-windows-x86_64, r-patched-linux-x86_64, r-release-linux-x86_64, r-release-macos-arm64, r-release-macos-x86_64, r-release-windows-x86_64, r-oldrel-macos-arm64, r-oldrel-macos-x86_64, r-oldrel-windows-x86_64
Version: 0.9.2
Check: dependencies in R code
Result: NOTE
Namespaces in Imports field not imported from:
‘graphics’ ‘jsonlite’ ‘rlang’ ‘tidyselect’ ‘vctrs’
All declared Imports should be used.
Flavors: r-devel-linux-x86_64-fedora-clang, r-devel-linux-x86_64-fedora-gcc, r-oldrel-macos-arm64, r-oldrel-macos-x86_64
Version: 0.9.2
Check: data for non-ASCII characters
Result: NOTE
Note: found 65 marked UTF-8 strings
Flavors: r-devel-linux-x86_64-fedora-clang, r-devel-linux-x86_64-fedora-gcc, r-oldrel-macos-arm64, r-oldrel-macos-x86_64