Last updated on 2023-12-08 16:54:03 CET.
Flavor | Version | Tinstall | Tcheck | Ttotal | Status | Flags |
---|---|---|---|---|---|---|
r-devel-linux-x86_64-debian-clang | 1.0-1 | 3.39 | 29.15 | 32.54 | NOTE | |
r-devel-linux-x86_64-debian-gcc | 1.0-1 | 2.87 | 22.81 | 25.68 | NOTE | |
r-devel-linux-x86_64-fedora-clang | 1.0-1 | 41.07 | NOTE | |||
r-devel-linux-x86_64-fedora-gcc | 1.0-1 | 39.81 | NOTE | |||
r-devel-windows-x86_64 | 1.0-1 | 3.00 | 45.00 | 48.00 | NOTE | |
r-patched-linux-x86_64 | 1.0-1 | 2.85 | 28.88 | 31.73 | NOTE | |
r-release-linux-x86_64 | 1.0-1 | 3.06 | 28.83 | 31.89 | NOTE | |
r-release-macos-arm64 | 1.0-1 | 17.00 | NOTE | |||
r-release-macos-x86_64 | 1.0-1 | 23.00 | NOTE | |||
r-release-windows-x86_64 | 1.0-1 | 4.00 | 45.00 | 49.00 | NOTE | |
r-oldrel-macos-arm64 | 1.0-1 | 17.00 | NOTE | |||
r-oldrel-macos-x86_64 | 1.0-1 | 24.00 | NOTE | |||
r-oldrel-windows-x86_64 | 1.0-1 | 7.00 | 50.00 | 57.00 | NOTE |
Version: 1.0-1
Check: package dependencies
Result: NOTE
Package which this enhances but not available for checking: ‘rkward’
Flavors: r-devel-linux-x86_64-debian-clang, r-devel-linux-x86_64-debian-gcc, r-devel-linux-x86_64-fedora-clang, r-devel-linux-x86_64-fedora-gcc, r-devel-windows-x86_64, r-patched-linux-x86_64, r-release-linux-x86_64, r-release-macos-arm64, r-release-macos-x86_64, r-release-windows-x86_64, r-oldrel-macos-arm64, r-oldrel-macos-x86_64, r-oldrel-windows-x86_64