CRAN Package Check Results for Package cocor

Last updated on 2024-02-25 04:51:01 CET.

Flavor Version Tinstall Tcheck Ttotal Status Flags
r-devel-linux-x86_64-debian-clang 1.1-4 5.17 38.75 43.92 NOTE
r-devel-linux-x86_64-debian-gcc 1.1-4 3.66 30.48 34.14 NOTE
r-devel-linux-x86_64-fedora-clang 1.1-4 56.29 NOTE
r-devel-linux-x86_64-fedora-gcc 1.1-4 54.93 NOTE
r-devel-windows-x86_64 1.1-4 6.00 52.00 58.00 NOTE
r-patched-linux-x86_64 1.1-4 5.35 38.79 44.14 NOTE
r-release-linux-x86_64 1.1-4 4.39 38.75 43.14 NOTE
r-release-macos-arm64 1.1-4 23.00 NOTE
r-release-macos-x86_64 1.1-4 30.00 NOTE
r-release-windows-x86_64 1.1-4 6.00 53.00 59.00 NOTE
r-oldrel-macos-arm64 1.1-4 19.00 NOTE
r-oldrel-windows-x86_64 1.1-4 9.00 55.00 64.00 NOTE

Check Details

Version: 1.1-4
Check: package dependencies
Result: NOTE Package which this enhances but not available for checking: ‘rkward’ Flavors: r-devel-linux-x86_64-debian-clang, r-devel-linux-x86_64-debian-gcc, r-devel-linux-x86_64-fedora-clang, r-devel-linux-x86_64-fedora-gcc, r-devel-windows-x86_64, r-patched-linux-x86_64, r-release-linux-x86_64, r-release-macos-arm64, r-release-macos-x86_64, r-release-windows-x86_64, r-oldrel-macos-arm64, r-oldrel-windows-x86_64