CRAN Package Check Results for Package cna

Last updated on 2020-08-11 15:48:30 CEST.

Flavor Version Tinstall Tcheck Ttotal Status Flags
r-devel-linux-x86_64-debian-clang 2.2.3 90.37 98.23 188.60 OK
r-devel-linux-x86_64-debian-gcc 2.2.3 63.05 73.73 136.78 OK
r-devel-linux-x86_64-fedora-clang 2.2.3 252.29 NOTE
r-devel-linux-x86_64-fedora-gcc 2.2.3 231.53 OK
r-devel-windows-ix86+x86_64 2.2.3 205.00 186.00 391.00 OK
r-patched-linux-x86_64 2.2.3 68.31 95.90 164.21 OK
r-patched-solaris-x86 2.2.3 237.40 OK
r-release-linux-x86_64 2.2.3 68.66 96.39 165.05 OK
r-release-macos-x86_64 2.2.3 OK
r-release-windows-ix86+x86_64 2.2.3 209.00 186.00 395.00 OK
r-oldrel-macos-x86_64 2.2.3 OK
r-oldrel-windows-ix86+x86_64 2.2.3 157.00 182.00 339.00 OK

Check Details

Version: 2.2.3
Check: installed package size
Result: NOTE
     installed size is 5.4Mb
     sub-directories of 1Mb or more:
     libs 4.4Mb
Flavor: r-devel-linux-x86_64-fedora-clang