CRAN Package Check Results for Package cmaesr

Last updated on 2024-06-13 16:49:02 CEST.

Flavor Version Tinstall Tcheck Ttotal Status Flags
r-devel-linux-x86_64-debian-clang 1.0.3 6.02 61.10 67.12 OK
r-devel-linux-x86_64-debian-gcc 1.0.3 0.34 1.65 1.99 ERROR
r-devel-linux-x86_64-fedora-clang 1.0.3 86.07 OK
r-devel-linux-x86_64-fedora-gcc 1.0.3 78.57 OK
r-devel-windows-x86_64 1.0.3 7.00 62.00 69.00 OK
r-patched-linux-x86_64 1.0.3 6.55 57.77 64.32 OK
r-release-linux-x86_64 1.0.3 6.54 57.00 63.54 OK
r-release-macos-arm64 1.0.3 27.00 OK
r-release-macos-x86_64 1.0.3 39.00 OK
r-release-windows-x86_64 1.0.3 8.00 62.00 70.00 OK
r-oldrel-macos-arm64 1.0.3 26.00 OK
r-oldrel-macos-x86_64 1.0.3 41.00 OK
r-oldrel-windows-x86_64 1.0.3 8.00 72.00 80.00 OK

Check Details

Version: 1.0.3
Check: package dependencies
Result: ERROR Packages required but not available: 'smoof', 'ggplot2' Package suggested but not available for checking: ‘testthat’ See section ‘The DESCRIPTION file’ in the ‘Writing R Extensions’ manual. Flavor: r-devel-linux-x86_64-debian-gcc