CRAN Package Check Results for Package clv

Last updated on 2024-07-19 17:54:25 CEST.

Flavor Version Tinstall Tcheck Ttotal Status Flags
r-devel-linux-x86_64-debian-clang 0.3-2.4 6.86 39.54 46.40 OK
r-devel-linux-x86_64-debian-gcc 0.3-2.4 5.78 29.18 34.96 OK
r-devel-linux-x86_64-fedora-clang 0.3-2.4 60.41 NOTE
r-devel-linux-x86_64-fedora-gcc 0.3-2.4 58.83 NOTE
r-devel-windows-x86_64 0.3-2.4 13.00 56.00 69.00 NOTE
r-patched-linux-x86_64 0.3-2.4 9.04 37.86 46.90 OK
r-release-linux-x86_64 0.3-2.4 6.87 37.55 44.42 OK
r-release-macos-arm64 0.3-2.4 21.00 OK
r-release-macos-x86_64 0.3-2.4 33.00 OK
r-release-windows-x86_64 0.3-2.4 11.00 53.00 64.00 OK
r-oldrel-macos-arm64 0.3-2.4 26.00 OK
r-oldrel-macos-x86_64 0.3-2.4 51.00 OK
r-oldrel-windows-x86_64 0.3-2.4 13.00 60.00 73.00 OK

Check Details

Version: 0.3-2.4
Check: compiled code
Result: NOTE File ‘clv/libs/clv.so’: Found no calls to: ‘R_registerRoutines’, ‘R_useDynamicSymbols’ It is good practice to register native routines and to disable symbol search. See ‘Writing portable packages’ in the ‘Writing R Extensions’ manual. Flavors: r-devel-linux-x86_64-fedora-clang, r-devel-linux-x86_64-fedora-gcc

Version: 0.3-2.4
Check: Rd cross-references
Result: NOTE Found the following Rd file(s) with Rd \link{} targets missing package anchors: cluster_stability.Rd: agnes Please provide package anchors for all Rd \link{} targets not in the package itself and the base packages. Flavor: r-devel-windows-x86_64