CRAN Package Check Results for Package cluster

Last updated on 2020-09-26 15:46:36 CEST.

Flavor Version Tinstall Tcheck Ttotal Status Flags
r-devel-linux-x86_64-debian-clang 2.1.0 11.17 133.87 145.04 OK
r-devel-linux-x86_64-debian-gcc 2.1.0 8.68 96.39 105.07 OK
r-devel-linux-x86_64-fedora-clang 2.1.0 183.18 NOTE
r-devel-linux-x86_64-fedora-gcc 2.1.0 166.35 OK
r-devel-windows-ix86+x86_64 2.1.0 28.00 249.00 277.00 OK
r-patched-linux-x86_64 2.1.0 8.59 126.00 134.59 OK
r-patched-solaris-x86 2.1.0 OK
r-release-linux-x86_64 2.1.0 9.66 125.57 135.23 OK
r-release-macos-x86_64 2.1.0 OK
r-release-windows-ix86+x86_64 2.1.0 27.00 259.00 286.00 OK
r-oldrel-macos-x86_64 2.1.0 OK
r-oldrel-windows-ix86+x86_64 2.1.0 40.00 255.00 295.00 OK

Check Details

Version: 2.1.0
Check: Rd cross-references
Result: NOTE
    Undeclared packages ‘mvoutlier’, ‘fpc’, ‘ellipse’, ‘sfsmisc’ in Rd xrefs
Flavor: r-devel-linux-x86_64-fedora-clang