CRAN Package Check Results for Package climate

Last updated on 2020-05-25 15:48:57 CEST.

Flavor Version Tinstall Tcheck Ttotal Status Flags
r-devel-linux-x86_64-debian-clang 0.9.5 5.61 45.25 50.86 WARN
r-devel-linux-x86_64-debian-gcc 0.9.5 4.30 39.41 43.71 OK
r-devel-linux-x86_64-fedora-clang 0.9.5 69.23 OK
r-devel-linux-x86_64-fedora-gcc 0.9.5 67.42 OK
r-devel-windows-ix86+x86_64 0.9.5 14.00 97.00 111.00 OK
r-patched-linux-x86_64 0.9.5 5.75 50.74 56.49 OK
r-patched-solaris-x86 0.9.5 96.60 OK
r-release-linux-x86_64 0.9.5 5.17 50.45 55.62 OK
r-release-osx-x86_64 0.9.5 OK
r-release-windows-ix86+x86_64 0.9.5 8.00 96.00 104.00 OK
r-oldrel-osx-x86_64 0.9.5 OK
r-oldrel-windows-ix86+x86_64 0.9.5 8.00 118.00 126.00 OK

Check Details

Version: 0.9.5
Check: re-building of vignette outputs
Result: WARN
    Error(s) in re-building vignettes:
     ...
    --- re-building 'getstarted.Rmd' using rmarkdown
    
     [13%] Downloaded 2633 bytes...
     [71%] Downloaded 14217 bytes...
     [78%] Downloaded 15665 bytes...
     [100%] Downloaded 19860 bytes...
    
     [60%] Downloaded 8425 bytes...
     [100%] Downloaded 13863 bytes...
    
     [1%] Downloaded 7756 bytes...
     [1%] Downloaded 8192 bytes...
     [2%] Downloaded 14236 bytes...
     [3%] Downloaded 22236 bytes...
     [3%] Downloaded 22428 bytes...
     [4%] Downloaded 30236 bytes...
     [4%] Downloaded 30620 bytes...
     [5%] Downloaded 38236 bytes...
     [5%] Downloaded 38812 bytes...
     [6%] Downloaded 43196 bytes...
     [7%] Downloaded 51196 bytes...
     [7%] Downloaded 51388 bytes...
     [8%] Downloaded 59196 bytes...
     [8%] Downloaded 59580 bytes...
     [9%] Downloaded 67196 bytes...
     [9%] Downloaded 67772 bytes...
     [10%] Downloaded 73604 bytes...
     [11%] Downloaded 81604 bytes...
     [11%] Downloaded 81796 bytes...
     [12%] Downloaded 89604 bytes...
     [12%] Downloaded 89988 bytes...
     [14%] Downloaded 97604 bytes...
     [14%] Downloaded 98180 bytes...
     [14%] Downloaded 102564 bytes...
     [15%] Downloaded 110564 bytes...
     [15%] Downloaded 110756 bytes...
     [17%] Downloaded 118564 bytes...
     [17%] Downloaded 118948 bytes...
     [18%] Downloaded 126564 bytes...
     [18%] Downloaded 127140 bytes...
     [19%] Downloaded 134564 bytes...
     [19%] Downloaded 135332 bytes...
     [20%] Downloaded 142564 bytes...
     [20%] Downloaded 143524 bytes...
     [21%] Downloaded 150564 bytes...
     [21%] Downloaded 151716 bytes...
     [22%] Downloaded 158564 bytes...
     [22%] Downloaded 159908 bytes...
     [23%] Downloaded 166564 bytes...
     [24%] Downloaded 168100 bytes...
     [25%] Downloaded 174564 bytes...
     [25%] Downloaded 176292 bytes...
     [26%] Downloaded 182564 bytes...
     [26%] Downloaded 184484 bytes...
     [27%] Downloaded 190564 bytes...
     [27%] Downloaded 192676 bytes...
     [28%] Downloaded 198564 bytes...
     [28%] Downloaded 200868 bytes...
     [29%] Downloaded 206564 bytes...
     [29%] Downloaded 209060 bytes...
     [30%] Downloaded 214564 bytes...
     [31%] Downloaded 217252 bytes...
     [31%] Downloaded 222564 bytes...
     [32%] Downloaded 225444 bytes...
     [33%] Downloaded 230564 bytes...
     [33%] Downloaded 233636 bytes...
     [34%] Downloaded 238564 bytes...
     [34%] Downloaded 241828 bytes...
     [35%] Downloaded 246564 bytes...
     [35%] Downloaded 250020 bytes...
     [36%] Downloaded 254564 bytes...
     [37%] Downloaded 258212 bytes...
     [37%] Downloaded 262564 bytes...
     [38%] Downloaded 266404 bytes...
     [38%] Downloaded 270564 bytes...
     [39%] Downloaded 274596 bytes...
     [39%] Downloaded 278564 bytes...
     [40%] Downloaded 282788 bytes...
     [41%] Downloaded 286564 bytes...
     [41%] Downloaded 290980 bytes...
     [42%] Downloaded 294564 bytes...
     [42%] Downloaded 299172 bytes...
     [43%] Downloaded 302564 bytes...
     [44%] Downloaded 307364 bytes...
     [44%] Downloaded 310564 bytes...
     [45%] Downloaded 315556 bytes...
     [45%] Downloaded 318564 bytes...
     [46%] Downloaded 323748 bytes...
     [46%] Downloaded 326564 bytes...
     [47%] Downloaded 331940 bytes...
     [47%] Downloaded 334564 bytes...
     [48%] Downloaded 340132 bytes...
     [49%] Downloaded 342564 bytes...
     [49%] Downloaded 348324 bytes...
     [50%] Downloaded 350564 bytes...
     [51%] Downloaded 356516 bytes...
     [51%] Downloaded 358564 bytes...
     [52%] Downloaded 364708 bytes...
     [52%] Downloaded 366564 bytes...
     [53%] Downloaded 372900 bytes...
     [53%] Downloaded 374564 bytes...
     [54%] Downloaded 381092 bytes...
     [54%] Downloaded 382564 bytes...
     [55%] Downloaded 389284 bytes...
     [56%] Downloaded 390564 bytes...
     [57%] Downloaded 397476 bytes...
     [57%] Downloaded 398564 bytes...
     [58%] Downloaded 405668 bytes...
     [58%] Downloaded 406564 bytes...
     [59%] Downloaded 413860 bytes...
     [59%] Downloaded 414564 bytes...
     [60%] Downloaded 422052 bytes...
     [60%] Downloaded 422564 bytes...
     [61%] Downloaded 430244 bytes...
     [61%] Downloaded 430564 bytes...
     [62%] Downloaded 438436 bytes...
     [62%] Downloaded 438564 bytes...
     [64%] Downloaded 446564 bytes...
     [64%] Downloaded 446628 bytes...
     [65%] Downloaded 454564 bytes...
     [65%] Downloaded 454820 bytes...
     [66%] Downloaded 462564 bytes...
     [66%] Downloaded 463012 bytes...
     [67%] Downloaded 470564 bytes...
     [67%] Downloaded 471204 bytes...
     [68%] Downloaded 478564 bytes...
     [68%] Downloaded 479396 bytes...
     [69%] Downloaded 486564 bytes...
     [69%] Downloaded 487588 bytes...
     [70%] Downloaded 494564 bytes...
     [71%] Downloaded 495780 bytes...
     [72%] Downloaded 502564 bytes...
     [72%] Downloaded 503972 bytes...
     [73%] Downloaded 510564 bytes...
     [73%] Downloaded 512164 bytes...
     [74%] Downloaded 518564 bytes...
     [74%] Downloaded 520356 bytes...
     [75%] Downloaded 526564 bytes...
     [75%] Downloaded 528548 bytes...
     [76%] Downloaded 534564 bytes...
     [76%] Downloaded 536740 bytes...
     [77%] Downloaded 542564 bytes...
     [78%] Downloaded 544932 bytes...
     [78%] Downloaded 550564 bytes...
     [79%] Downloaded 553124 bytes...
     [80%] Downloaded 558564 bytes...
     [80%] Downloaded 561316 bytes...
     [81%] Downloaded 566564 bytes...
     [81%] Downloaded 569508 bytes...
     [82%] Downloaded 574564 bytes...
     [82%] Downloaded 577700 bytes...
     [83%] Downloaded 582564 bytes...
     [84%] Downloaded 585892 bytes...
     [84%] Downloaded 590564 bytes...
     [85%] Downloaded 594084 bytes...
     [85%] Downloaded 598564 bytes...
     [86%] Downloaded 602276 bytes...
     [87%] Downloaded 606564 bytes...
     [87%] Downloaded 610468 bytes...
     [88%] Downloaded 614564 bytes...
     [88%] Downloaded 618660 bytes...
     [89%] Downloaded 622564 bytes...
     [89%] Downloaded 626852 bytes...
     [90%] Downloaded 630564 bytes...
     [91%] Downloaded 635044 bytes...
     [91%] Downloaded 638564 bytes...
     [92%] Downloaded 643236 bytes...
     [92%] Downloaded 646564 bytes...
     [93%] Downloaded 651428 bytes...
     [93%] Downloaded 654564 bytes...
     [94%] Downloaded 659620 bytes...
     [95%] Downloaded 662564 bytes...
     [95%] Downloaded 667812 bytes...
     [96%] Downloaded 670564 bytes...
     [96%] Downloaded 676004 bytes...
     [97%] Downloaded 678564 bytes...
     [98%] Downloaded 684196 bytes...
     [98%] Downloaded 686564 bytes...
     [99%] Downloaded 692388 bytes...
     [99%] Downloaded 694564 bytes...
     [100%] Downloaded 697088 bytes...
    
     [100%] Downloaded 3337 bytes...
    
     [100%] Downloaded 1325 bytes...
    
     [100%] Downloaded 6681 bytes...
    
     [6%] Downloaded 14146 bytes...
     [14%] Downloaded 30466 bytes...
     [22%] Downloaded 46786 bytes...
     [29%] Downloaded 63106 bytes...
     [37%] Downloaded 79426 bytes...
     [45%] Downloaded 95746 bytes...
     [53%] Downloaded 112066 bytes...
     [60%] Downloaded 128386 bytes...
     [68%] Downloaded 144706 bytes...
     [76%] Downloaded 161026 bytes...
     [84%] Downloaded 177346 bytes...
     [91%] Downloaded 193666 bytes...
     [99%] Downloaded 209986 bytes...
     [100%] Downloaded 210851 bytes...
    Quitting from lines 143-163 (getstarted.Rmd)
    Error: processing vignette 'getstarted.Rmd' failed with diagnostics:
    'names' attribute [60] must be the same length as the vector [2]
    --- failed re-building 'getstarted.Rmd'
    
    SUMMARY: processing the following file failed:
     'getstarted.Rmd'
    
    Error: Vignette re-building failed.
    Execution halted
Flavor: r-devel-linux-x86_64-debian-clang