CRAN Package Check Results for Package cli

Last updated on 2020-07-11 03:46:58 CEST.

Flavor Version Tinstall Tcheck Ttotal Status Flags
r-devel-linux-x86_64-debian-clang 2.0.2 5.97 59.74 65.71 OK
r-devel-linux-x86_64-debian-gcc 2.0.2 5.45 52.87 58.32 OK
r-devel-linux-x86_64-fedora-clang 2.0.2 95.76 OK
r-devel-linux-x86_64-fedora-gcc 2.0.2 88.59 OK
r-devel-windows-ix86+x86_64 2.0.2 15.00 92.00 107.00 OK
r-patched-linux-x86_64 2.0.2 5.96 68.67 74.63 OK
r-patched-solaris-x86 2.0.2 122.40 WARN
r-release-linux-x86_64 2.0.2 5.90 68.38 74.28 OK
r-release-osx-x86_64 2.0.2 OK
r-release-windows-ix86+x86_64 2.0.2 12.00 76.00 88.00 OK
r-oldrel-osx-x86_64 2.0.2 OK
r-oldrel-windows-ix86+x86_64 2.0.2 14.00 69.00 83.00 OK

Check Details

Version: 2.0.2
Check: for unstated dependencies in ‘tests’
Result: WARN
    Warning in deparse(e[[2L]]) :
     it is not known that wchar_t is Unicode on this platform
    Warning in deparse(e[[2L]]) :
     it is not known that wchar_t is Unicode on this platform
    Warning in deparse(e[[2L]]) :
     it is not known that wchar_t is Unicode on this platform
    Warning in deparse(e[[2L]]) :
     it is not known that wchar_t is Unicode on this platform
    Warning in deparse(e[[2L]]) :
     it is not known that wchar_t is Unicode on this platform
    Warning in deparse(e[[2L]]) :
     it is not known that wchar_t is Unicode on this platform
    Warning in deparse(e[[2L]]) :
     it is not known that wchar_t is Unicode on this platform
    Warning in deparse(e[[2L]]) :
     it is not known that wchar_t is Unicode on this platform
    Warning in deparse(e[[2L]]) :
     it is not known that wchar_t is Unicode on this platform
    Warning in deparse(e[[2L]]) :
     it is not known that wchar_t is Unicode on this platform
    Warning in deparse(e[[2L]]) :
     it is not known that wchar_t is Unicode on this platform
    Warning in deparse(e[[2L]]) :
     it is not known that wchar_t is Unicode on this platform
    Warning in deparse(e[[2L]]) :
     it is not known that wchar_t is Unicode on this platform
    Warning in deparse(e[[2L]]) :
     it is not known that wchar_t is Unicode on this platform
    Warning in deparse(e[[2L]]) :
     it is not known that wchar_t is Unicode on this platform
    Warning in deparse(e[[2L]]) :
     it is not known that wchar_t is Unicode on this platform
Flavor: r-patched-solaris-x86