Last updated on 2023-12-07 04:56:18 CET.
Flavor | Version | Tinstall | Tcheck | Ttotal | Status | Flags |
---|---|---|---|---|---|---|
r-devel-linux-x86_64-debian-clang | 1.5.4 | 5.85 | 53.12 | 58.97 | NOTE | |
r-devel-linux-x86_64-debian-gcc | 1.5.4 | 5.08 | 40.32 | 45.40 | NOTE | |
r-devel-linux-x86_64-fedora-clang | 1.5.4 | 74.61 | OK | |||
r-devel-linux-x86_64-fedora-gcc | 1.5.4 | 70.95 | OK | |||
r-devel-windows-x86_64 | 1.5.4 | 6.00 | 67.00 | 73.00 | OK | |
r-patched-linux-x86_64 | 1.5.4 | 6.88 | 51.03 | 57.91 | OK | |
r-release-linux-x86_64 | 1.5.4 | 6.32 | 51.73 | 58.05 | OK | |
r-release-macos-arm64 | 1.5.4 | 31.00 | OK | |||
r-release-macos-x86_64 | 1.5.4 | 33.00 | OK | |||
r-release-windows-x86_64 | 1.5.4 | 8.00 | 71.00 | 79.00 | OK | |
r-oldrel-macos-arm64 | 1.5.4 | 25.00 | OK | |||
r-oldrel-macos-x86_64 | 1.5.4 | 37.00 | OK | |||
r-oldrel-windows-x86_64 | 1.5.4 | 7.00 | 70.00 | 77.00 | OK |
Version: 1.5.4
Check: Rd files
Result: NOTE
checkRd: (-1) clean.Rd:136: Lost braces in \itemize; meant \describe ?
checkRd: (-1) clean.Rd:137: Lost braces in \itemize; meant \describe ?
checkRd: (-1) clean.Rd:138: Lost braces in \itemize; meant \describe ?
checkRd: (-1) clean.Rd:139: Lost braces in \itemize; meant \describe ?
checkRd: (-1) clean.Rd:140: Lost braces in \itemize; meant \describe ?
checkRd: (-1) clean.Rd:141: Lost braces in \itemize; meant \describe ?
checkRd: (-1) clean.Rd:142: Lost braces in \itemize; meant \describe ?
Flavors: r-devel-linux-x86_64-debian-clang, r-devel-linux-x86_64-debian-gcc