CRAN Package Check Results for Package cld2

Last updated on 2020-10-30 03:50:09 CET.

Flavor Version Tinstall Tcheck Ttotal Status Flags
r-devel-linux-x86_64-debian-clang 1.2 34.02 27.70 61.72 OK
r-devel-linux-x86_64-debian-gcc 1.2 25.84 21.82 47.66 OK
r-devel-linux-x86_64-fedora-clang 1.2 100.19 OK
r-devel-linux-x86_64-fedora-gcc 1.2 77.01 OK
r-devel-windows-ix86+x86_64 1.2 88.00 77.00 165.00 NOTE
r-patched-linux-x86_64 1.2 33.02 26.51 59.53 OK
r-patched-solaris-x86 1.2 90.00 OK
r-release-linux-x86_64 1.2 32.64 26.62 59.26 OK
r-release-macos-x86_64 1.2 OK
r-release-windows-ix86+x86_64 1.2 73.00 82.00 155.00 NOTE
r-oldrel-macos-x86_64 1.2 OK
r-oldrel-windows-ix86+x86_64 1.2 94.00 74.00 168.00 OK

Additional issues

clang-UBSAN gcc-UBSAN

Check Details

Version: 1.2
Check: installed package size
Result: NOTE
     installed size is 5.4Mb
     sub-directories of 1Mb or more:
     libs 5.4Mb
Flavors: r-devel-windows-ix86+x86_64, r-release-windows-ix86+x86_64