CRAN Package Check Results for Package citccmst

Last updated on 2020-08-11 03:47:44 CEST.

Flavor Version Tinstall Tcheck Ttotal Status Flags
r-devel-linux-x86_64-debian-clang 1.0.2 2.26 64.12 66.38 NOTE
r-devel-linux-x86_64-debian-gcc 1.0.2 1.99 46.18 48.17 NOTE
r-devel-linux-x86_64-fedora-clang 1.0.2 83.64 NOTE
r-devel-linux-x86_64-fedora-gcc 1.0.2 73.95 NOTE
r-devel-windows-ix86+x86_64 1.0.2 7.00 65.00 72.00 NOTE
r-patched-linux-x86_64 1.0.2 2.17 62.07 64.24 NOTE
r-patched-solaris-x86 1.0.2 98.70 NOTE
r-release-linux-x86_64 1.0.2 2.27 62.60 64.87 NOTE
r-release-macos-x86_64 1.0.2 NOTE
r-release-windows-ix86+x86_64 1.0.2 6.00 68.00 74.00 NOTE
r-oldrel-macos-x86_64 1.0.2 NOTE
r-oldrel-windows-ix86+x86_64 1.0.2 4.00 89.00 93.00 NOTE

Check Details

Version: 1.0.2
Check: R code for possible problems
Result: NOTE
    cit.assignCcmst: no visible binding for global variable 'citccmst'
    cit.assignCcmst : <anonymous>: no visible global function definition
     for 'median'
    cit.assignCcmst : median.na: no visible global function definition for
     'median'
    cit.assignCcmst: no visible global function definition for 'prcomp'
    cit.assignCcmst: no visible global function definition for 'par'
    cit.assignCcmst: no visible global function definition for 'lines'
    cit.assignCcmst: no visible global function definition for 'legend'
    cit.centroids : <anonymous>: no visible global function definition for
     'median'
    cit.centroids : <anonymous>: no visible global function definition for
     'var'
    cit.dist: no visible global function definition for 'dist'
    cit.dist: no visible global function definition for 'as.dist'
    cit.dist: no visible global function definition for 'cor'
    cit.distToCentroids: no visible global function definition for
     'quantile'
    cit.distToCentroids : <anonymous>: no visible global function
     definition for 'median'
    cit.distToCentroids : <anonymous>: no visible global function
     definition for 'mad'
    Undefined global functions or variables:
     as.dist citccmst cor dist legend lines mad median par prcomp quantile
     var
    Consider adding
     importFrom("graphics", "legend", "lines", "par")
     importFrom("stats", "as.dist", "cor", "dist", "mad", "median",
     "prcomp", "quantile", "var")
    to your NAMESPACE file.
Flavors: r-devel-linux-x86_64-debian-clang, r-devel-linux-x86_64-debian-gcc, r-devel-linux-x86_64-fedora-clang, r-devel-linux-x86_64-fedora-gcc, r-devel-windows-ix86+x86_64, r-patched-linux-x86_64, r-patched-solaris-x86, r-release-linux-x86_64, r-release-macos-x86_64, r-release-windows-ix86+x86_64, r-oldrel-macos-x86_64, r-oldrel-windows-ix86+x86_64