Last updated on 2023-12-02 16:49:09 CET.
Flavor | Version | Tinstall | Tcheck | Ttotal | Status | Flags |
---|---|---|---|---|---|---|
r-devel-linux-x86_64-debian-clang | 0.4.5 | 4.34 | 61.04 | 65.38 | NOTE | |
r-devel-linux-x86_64-debian-gcc | 0.4.5 | 4.87 | 46.93 | 51.80 | NOTE | |
r-devel-linux-x86_64-fedora-clang | 0.4.5 | 88.15 | NOTE | |||
r-devel-linux-x86_64-fedora-gcc | 0.4.5 | 95.83 | NOTE | |||
r-devel-windows-x86_64 | 0.4.5 | 6.00 | 69.00 | 75.00 | NOTE | |
r-patched-linux-x86_64 | 0.4.5 | 5.56 | 60.09 | 65.65 | NOTE | |
r-release-linux-x86_64 | 0.4.5 | 6.62 | 58.30 | 64.92 | NOTE | |
r-release-macos-arm64 | 0.4.5 | 34.00 | NOTE | |||
r-release-macos-x86_64 | 0.4.5 | 51.00 | NOTE | |||
r-release-windows-x86_64 | 0.4.5 | 8.00 | 74.00 | 82.00 | NOTE | |
r-oldrel-macos-arm64 | 0.4.5 | 27.00 | NOTE | |||
r-oldrel-macos-x86_64 | 0.4.5 | 41.00 | NOTE | |||
r-oldrel-windows-x86_64 | 0.4.5 | 8.00 | 78.00 | 86.00 | NOTE |
Version: 0.4.5
Check: LazyData
Result: NOTE
'LazyData' is specified without a 'data' directory
Flavors: r-devel-linux-x86_64-debian-clang, r-devel-linux-x86_64-debian-gcc, r-devel-linux-x86_64-fedora-clang, r-devel-linux-x86_64-fedora-gcc, r-devel-windows-x86_64, r-patched-linux-x86_64, r-release-linux-x86_64, r-release-macos-arm64, r-release-macos-x86_64, r-release-windows-x86_64, r-oldrel-macos-arm64, r-oldrel-macos-x86_64, r-oldrel-windows-x86_64