CRAN Package Check Results for Package cicerone

Last updated on 2020-08-11 15:48:30 CEST.

Flavor Version Tinstall Tcheck Ttotal Status Flags
r-devel-linux-x86_64-debian-clang 1.0.3 3.26 29.78 33.04 OK
r-devel-linux-x86_64-debian-gcc 1.0.3 2.94 23.49 26.43 OK
r-devel-linux-x86_64-fedora-clang 1.0.3 48.45 NOTE
r-devel-linux-x86_64-fedora-gcc 1.0.3 39.11 NOTE
r-devel-windows-ix86+x86_64 1.0.3 17.00 67.00 84.00 OK
r-patched-linux-x86_64 1.0.3 3.62 29.54 33.16 OK
r-patched-solaris-x86 1.0.3 61.60 NOTE
r-release-linux-x86_64 1.0.3 3.58 29.01 32.59 OK
r-release-macos-x86_64 1.0.3 NOTE
r-release-windows-ix86+x86_64 1.0.3 17.00 63.00 80.00 OK
r-oldrel-macos-x86_64 1.0.3 NOTE
r-oldrel-windows-ix86+x86_64 1.0.3 11.00 47.00 58.00 OK

Check Details

Version: 1.0.3
Check: dependencies in R code
Result: NOTE
    Namespace in Imports field not imported from: ‘R6’
     All declared Imports should be used.
Flavors: r-devel-linux-x86_64-fedora-clang, r-devel-linux-x86_64-fedora-gcc, r-patched-solaris-x86, r-release-macos-x86_64, r-oldrel-macos-x86_64