CRAN Package Check Results for Package chinese.misc

Last updated on 2024-03-02 04:48:18 CET.

Flavor Version Tinstall Tcheck Ttotal Status Flags
r-devel-linux-x86_64-debian-clang 0.2.3 11.90 97.98 109.88 NOTE
r-devel-linux-x86_64-debian-gcc 0.2.3 9.66 74.43 84.09 NOTE
r-devel-linux-x86_64-fedora-clang 0.2.3 127.02 NOTE
r-devel-linux-x86_64-fedora-gcc 0.2.3 135.50 NOTE
r-devel-windows-x86_64 0.2.3 12.00 104.00 116.00 NOTE
r-patched-linux-x86_64 0.2.3 13.02 97.77 110.79 NOTE
r-release-linux-x86_64 0.2.3 11.22 96.79 108.01 NOTE
r-release-macos-arm64 0.2.3 70.00 NOTE
r-release-macos-x86_64 0.2.3 58.00 NOTE
r-release-windows-x86_64 0.2.3 14.00 107.00 121.00 NOTE
r-oldrel-macos-arm64 0.2.3 32.00 NOTE
r-oldrel-windows-x86_64 0.2.3 15.00 106.00 121.00 NOTE

Check Details

Version: 0.2.3
Check: LazyData
Result: NOTE 'LazyData' is specified without a 'data' directory Flavors: r-devel-linux-x86_64-debian-clang, r-devel-linux-x86_64-debian-gcc, r-devel-linux-x86_64-fedora-clang, r-devel-linux-x86_64-fedora-gcc, r-devel-windows-x86_64, r-patched-linux-x86_64, r-release-linux-x86_64, r-release-macos-arm64, r-release-macos-x86_64, r-release-windows-x86_64, r-oldrel-macos-arm64, r-oldrel-windows-x86_64