Last updated on 2023-12-06 16:53:07 CET.
Flavor | Version | Tinstall | Tcheck | Ttotal | Status | Flags |
---|---|---|---|---|---|---|
r-devel-linux-x86_64-debian-clang | 0.75 | 43.12 | 302.21 | 345.33 | OK | |
r-devel-linux-x86_64-debian-gcc | 0.75 | 37.04 | 221.37 | 258.41 | OK | |
r-devel-linux-x86_64-fedora-clang | 0.75 | 439.38 | NOTE | |||
r-devel-linux-x86_64-fedora-gcc | 0.75 | 438.15 | OK | |||
r-devel-windows-x86_64 | 0.75 | 42.00 | 278.00 | 320.00 | OK | |
r-patched-linux-x86_64 | 0.75 | 38.51 | 286.70 | 325.21 | OK | |
r-release-linux-x86_64 | 0.75 | 39.63 | 289.07 | 328.70 | OK | |
r-release-macos-arm64 | 0.75 | 123.00 | OK | |||
r-release-macos-x86_64 | 0.75 | 315.00 | OK | |||
r-release-windows-x86_64 | 0.75 | 55.00 | 350.00 | 405.00 | OK | |
r-oldrel-macos-arm64 | 0.75 | 108.00 | OK | |||
r-oldrel-macos-x86_64 | 0.73.1 | 153.00 | OK | |||
r-oldrel-windows-x86_64 | 0.75 | 52.00 | 322.00 | 374.00 | OK |
Version: 0.75
Check: package dependencies
Result: NOTE
Imports includes 29 non-default packages.
Importing from so many packages makes the package vulnerable to any of
them becoming unavailable. Move as many as possible to Suggests and
use conditionally.
Flavor: r-devel-linux-x86_64-fedora-clang