Last updated on 2023-12-10 04:55:53 CET.
Flavor | Version | Tinstall | Tcheck | Ttotal | Status | Flags |
---|---|---|---|---|---|---|
r-devel-linux-x86_64-debian-clang | 0.8.0 | 9.23 | 57.67 | 66.90 | OK | |
r-devel-linux-x86_64-debian-gcc | 0.8.0 | 6.63 | 43.11 | 49.74 | OK | |
r-devel-linux-x86_64-fedora-clang | 0.8.0 | 80.54 | NOTE | |||
r-devel-linux-x86_64-fedora-gcc | 0.8.0 | 75.92 | NOTE | |||
r-devel-windows-x86_64 | 0.8.0 | 9.00 | 68.00 | 77.00 | OK | |
r-patched-linux-x86_64 | 0.8.0 | 5.74 | 55.55 | 61.29 | OK | |
r-release-linux-x86_64 | 0.8.0 | 7.69 | 54.35 | 62.04 | OK | |
r-release-macos-arm64 | 0.8.0 | 28.00 | OK | |||
r-release-macos-x86_64 | 0.8.0 | 41.00 | OK | |||
r-release-windows-x86_64 | 0.8.0 | 11.00 | 76.00 | 87.00 | OK | |
r-oldrel-macos-arm64 | 0.8.0 | 25.00 | NOTE | |||
r-oldrel-macos-x86_64 | 0.8.0 | 49.00 | NOTE | |||
r-oldrel-windows-x86_64 | 0.8.0 | 13.00 | 70.00 | 83.00 | OK |
Version: 0.8.0
Check: dependencies in R code
Result: NOTE
Namespace in Imports field not imported from: ‘gamlss.dist’
All declared Imports should be used.
Flavors: r-devel-linux-x86_64-fedora-clang, r-devel-linux-x86_64-fedora-gcc, r-oldrel-macos-arm64, r-oldrel-macos-x86_64
Version: 0.8.0
Check: data for non-ASCII characters
Result: NOTE
Note: found 32 marked UTF-8 strings
Flavors: r-devel-linux-x86_64-fedora-clang, r-devel-linux-x86_64-fedora-gcc, r-oldrel-macos-arm64, r-oldrel-macos-x86_64