Last updated on 2023-11-29 04:57:16 CET.
Flavor | Version | Tinstall | Tcheck | Ttotal | Status | Flags |
---|---|---|---|---|---|---|
r-devel-linux-x86_64-debian-clang | 2.3.0 | 10.38 | 111.00 | 121.38 | WARN | |
r-devel-linux-x86_64-debian-gcc | 2.3.0 | 9.95 | 85.24 | 95.19 | WARN | |
r-devel-linux-x86_64-fedora-clang | 2.3.0 | 151.97 | WARN | |||
r-devel-linux-x86_64-fedora-gcc | 2.3.0 | 180.95 | WARN | |||
r-devel-windows-x86_64 | 2.3.0 | 15.00 | 116.00 | 131.00 | WARN | |
r-patched-linux-x86_64 | 2.3.0 | 17.15 | 107.20 | 124.35 | OK | |
r-release-linux-x86_64 | 2.3.0 | 12.00 | 107.30 | 119.30 | OK | |
r-release-macos-arm64 | 2.3.0 | 71.00 | OK | |||
r-release-macos-x86_64 | 2.3.0 | 139.00 | OK | |||
r-release-windows-x86_64 | 2.3.0 | 20.00 | 136.00 | 156.00 | OK | |
r-oldrel-macos-arm64 | 2.3.0 | 55.00 | OK | |||
r-oldrel-macos-x86_64 | 2.2.0 | 57.00 | OK | |||
r-oldrel-windows-x86_64 | 2.3.0 | 20.00 | 130.00 | 150.00 | OK |
Version: 2.3.0
Check: whether package can be installed
Result: WARN
Found the following significant warnings:
helper.c:46:77: warning: format specifies type 'int' but the argument has type 'R_xlen_t' (aka 'long') [-Wformat]
See ‘/home/hornik/tmp/R.check/r-devel-clang/Work/PKGS/checkmate.Rcheck/00install.out’ for details.
* used C compiler: ‘Debian clang version 17.0.5 (1)’
Flavor: r-devel-linux-x86_64-debian-clang
Version: 2.3.0
Check: whether package can be installed
Result: WARN
Found the following significant warnings:
helper.c:46:66: warning: format ‘%i’ expects argument of type ‘int’, but argument 3 has type ‘R_xlen_t’ {aka ‘long int’} [-Wformat=]
See ‘/home/hornik/tmp/R.check/r-devel-gcc/Work/PKGS/checkmate.Rcheck/00install.out’ for details.
* used C compiler: ‘gcc-13 (Debian 13.2.0-5) 13.2.0’
Flavor: r-devel-linux-x86_64-debian-gcc
Version: 2.3.0
Check: whether package can be installed
Result: WARN
Found the following significant warnings:
helper.c:46:77: warning: format specifies type 'int' but the argument has type 'R_xlen_t' (aka 'long') [-Wformat]
See ‘/data/gannet/ripley/R/packages/tests-clang/checkmate.Rcheck/00install.out’ for details.
* used C compiler: ‘clang version 17.0.5’
Flavor: r-devel-linux-x86_64-fedora-clang
Version: 2.3.0
Check: whether package can be installed
Result: WARN
Found the following significant warnings:
helper.c:46:66: warning: format '%i' expects argument of type 'int', but argument 3 has type 'R_xlen_t' {aka 'long int'} [-Wformat=]
See ‘/data/gannet/ripley/R/packages/tests-devel/checkmate.Rcheck/00install.out’ for details.
* used C compiler: ‘gcc-13 (GCC) 13.2.0’
Flavor: r-devel-linux-x86_64-fedora-gcc
Version: 2.3.0
Check: whether package can be installed
Result: WARN
Found the following significant warnings:
helper.c:46:66: warning: format '%i' expects argument of type 'int', but argument 3 has type 'R_xlen_t' {aka 'long long int'} [-Wformat=]
See 'd:/Rcompile/CRANpkg/local/4.4/checkmate.Rcheck/00install.out' for details.
* used C compiler: 'gcc.exe (GCC) 12.3.0'
Flavor: r-devel-windows-x86_64