CRAN Package Check Results for Package chatgpt

Last updated on 2024-02-27 16:49:12 CET.

Flavor Version Tinstall Tcheck Ttotal Status Flags
r-devel-linux-x86_64-debian-clang 0.2.3 5.08 38.58 43.66 NOTE
r-devel-linux-x86_64-debian-gcc 0.2.3 3.69 29.85 33.54 NOTE
r-devel-linux-x86_64-fedora-clang 0.2.3 52.42 NOTE
r-devel-linux-x86_64-fedora-gcc 0.2.3 54.02 NOTE
r-devel-windows-x86_64 0.2.3 5.00 52.00 57.00 OK
r-patched-linux-x86_64 0.2.3 3.49 37.70 41.19 OK
r-release-linux-x86_64 0.2.3 5.10 37.11 42.21 OK
r-release-macos-arm64 0.2.3 21.00 OK
r-release-macos-x86_64 0.2.3 43.00 OK
r-release-windows-x86_64 0.2.3 6.00 55.00 61.00 OK
r-oldrel-macos-arm64 0.2.3 22.00 OK
r-oldrel-windows-x86_64 0.2.3 7.00 60.00 67.00 OK

Check Details

Version: 0.2.3
Check: Rd files
Result: NOTE checkRd: (-1) create_unit_tests.Rd:17: Lost braces; missing escapes or markup? 17 | Create `{testthat}` test cases for the code. | ^ Flavors: r-devel-linux-x86_64-debian-clang, r-devel-linux-x86_64-debian-gcc, r-devel-linux-x86_64-fedora-clang, r-devel-linux-x86_64-fedora-gcc