CRAN Package Check Results for Package changepoints

Last updated on 2024-02-22 05:01:41 CET.

Flavor Version Tinstall Tcheck Ttotal Status Flags
r-devel-linux-x86_64-debian-clang 1.1.0 NOTE
r-devel-linux-x86_64-debian-gcc 1.1.0 136.60 328.40 465.00 NOTE
r-devel-linux-x86_64-fedora-clang 1.1.0 810.75 OK
r-devel-linux-x86_64-fedora-gcc 1.1.0 803.01 OK
r-devel-windows-x86_64 1.1.0 128.00 357.00 485.00 OK
r-patched-linux-x86_64 1.1.0 172.54 447.14 619.68 OK
r-release-linux-x86_64 1.1.0 163.53 434.36 597.89 OK
r-release-macos-arm64 1.1.0 212.00 NOTE
r-release-macos-x86_64 1.1.0 351.00 NOTE
r-release-windows-x86_64 1.1.0 160.00 458.00 618.00 OK
r-oldrel-macos-arm64 1.1.0 183.00 NOTE
r-oldrel-windows-x86_64 1.1.0 154.00 431.00 585.00 OK

Check Details

Version: 1.1.0
Check: Rd files
Result: NOTE checkRd: (-1) Hausdorff.dist.Rd:10: Lost braces; missing escapes or markup? 10 | \item{vec1}{A \code{integer} vector forms a subset of {1, 2, ..., n}.} | ^ checkRd: (-1) Hausdorff.dist.Rd:12: Lost braces; missing escapes or markup? 12 | \item{vec2}{A \code{integer} vector forms a subset of {1, 2, ..., n}.} | ^ checkRd: (-1) online.univar.multi.Rd:47-57: Lost braces 47 | online.univar.one2 = function(y_vec, gamma, tau_gamma, ...){ | ^ checkRd: (-1) online.univar.multi.Rd:50-55: Lost braces 50 | while(FLAG == 0 & t <= length(y_vec)){ | ^ checkRd: (-1) online.univar.multi.Rd:71-89: Lost braces 71 | online.univar.one3 = function(y_vec, tau_vec, ...){ | ^ checkRd: (-1) online.univar.multi.Rd:72-74: Lost braces 72 | if(length(y_vec) != length(tau_vec)){ | ^ checkRd: (-1) online.univar.multi.Rd:77-87: Lost braces 77 | while(FLAG == 0 & t <= length(y_vec)){ | ^ checkRd: (-1) online.univar.multi.Rd:81-86: Lost braces 81 | while(j < J & FLAG == 0){ | ^ Flavors: r-devel-linux-x86_64-debian-clang, r-devel-linux-x86_64-debian-gcc

Version: 1.1.0
Check: installed package size
Result: NOTE installed size is 6.3Mb sub-directories of 1Mb or more: libs 5.8Mb Flavors: r-release-macos-arm64, r-release-macos-x86_64, r-oldrel-macos-arm64