CRAN Package Check Results for Package cgwtools

Last updated on 2020-06-02 03:47:45 CEST.

Flavor Version Tinstall Tcheck Ttotal Status Flags
r-devel-linux-x86_64-debian-clang 3.0.1 2.30 22.03 24.33 NOTE
r-devel-linux-x86_64-debian-gcc 3.0.1 1.95 17.85 19.80 NOTE
r-devel-linux-x86_64-fedora-clang 3.0.1 38.38 NOTE
r-devel-linux-x86_64-fedora-gcc 3.0.1 29.91 NOTE
r-devel-windows-ix86+x86_64 3.0.1 9.00 48.00 57.00 OK
r-patched-linux-x86_64 3.0.1 2.43 22.43 24.86 NOTE
r-patched-solaris-x86 3.0.1 45.70 NOTE
r-release-linux-x86_64 3.0.1 2.19 22.07 24.26 NOTE
r-release-osx-x86_64 3.0.1 OK
r-release-windows-ix86+x86_64 3.0.1 6.00 36.00 42.00 OK
r-oldrel-osx-x86_64 3.0.1 OK
r-oldrel-windows-ix86+x86_64 3.0.1 5.00 50.00 55.00 OK

Check Details

Version: 3.0.1
Check: for non-standard things in the check directory
Result: NOTE
    Found the following files/directories:
     'blue.Rdata' 'foo.Rdata'
Flavors: r-devel-linux-x86_64-debian-clang, r-devel-linux-x86_64-debian-gcc, r-devel-linux-x86_64-fedora-clang, r-devel-linux-x86_64-fedora-gcc, r-patched-linux-x86_64, r-patched-solaris-x86, r-release-linux-x86_64