CRAN Package Check Results for Package censobr

Last updated on 2024-02-26 04:49:22 CET.

Flavor Version Tinstall Tcheck Ttotal Status Flags
r-devel-linux-x86_64-debian-clang 0.3.0 0.54 2.19 2.73 ERROR
r-devel-linux-x86_64-debian-gcc 0.3.1 4.81 44.89 49.70 OK
r-devel-linux-x86_64-fedora-clang 0.3.1 89.55 NOTE
r-devel-linux-x86_64-fedora-gcc 0.3.1 97.26 OK
r-devel-windows-x86_64 0.3.0 7.00 65.00 72.00 OK
r-patched-linux-x86_64 0.3.0 6.12 55.78 61.90 OK
r-release-linux-x86_64 0.3.1 4.99 57.13 62.12 OK
r-release-macos-arm64 0.3.1 50.00 OK
r-release-macos-x86_64 0.3.1 64.00 OK
r-release-windows-x86_64 0.3.1 11.00 81.00 92.00 OK
r-oldrel-macos-arm64 0.3.1 34.00 OK
r-oldrel-windows-x86_64 0.3.1 13.00 74.00 87.00 OK

Check Details

Version: 0.3.0
Check: package dependencies
Result: ERROR Package required but not available: ‘arrow’ See section ‘The DESCRIPTION file’ in the ‘Writing R Extensions’ manual. Flavor: r-devel-linux-x86_64-debian-clang

Version: 0.3.1
Check: package dependencies
Result: NOTE Package suggested but not available for checking: ‘arrow’ Flavor: r-devel-linux-x86_64-fedora-clang