CRAN Package Check Results for Package celltrackR

Last updated on 2024-02-22 05:01:41 CET.

Flavor Version Tinstall Tcheck Ttotal Status Flags
r-devel-linux-x86_64-debian-clang 1.1.0 NOTE
r-devel-linux-x86_64-debian-gcc 1.1.0 4.16 283.61 287.77 NOTE
r-devel-linux-x86_64-fedora-clang 1.1.0 473.22 OK
r-devel-linux-x86_64-fedora-gcc 1.1.0 482.06 OK
r-devel-windows-x86_64 1.1.0 6.00 284.00 290.00 OK
r-patched-linux-x86_64 1.1.0 6.08 387.07 393.15 OK
r-release-linux-x86_64 1.1.0 6.13 388.52 394.65 OK
r-release-macos-arm64 1.1.0 112.00 OK
r-release-macos-x86_64 1.1.0 261.00 OK
r-release-windows-x86_64 1.1.0 7.00 383.00 390.00 OK
r-oldrel-macos-arm64 1.1.0 115.00 OK
r-oldrel-windows-x86_64 1.1.0 11.00 360.00 371.00 OK

Check Details

Version: 1.1.0
Check: Rd files
Result: NOTE checkRd: (-1) aggregate.tracks.Rd:32-33: Lost braces in \itemize; meant \describe ? checkRd: (-1) aggregate.tracks.Rd:34-35: Lost braces in \itemize; meant \describe ? checkRd: (-1) aggregate.tracks.Rd:42-43: Lost braces in \itemize; meant \describe ? checkRd: (-1) aggregate.tracks.Rd:44-45: Lost braces in \itemize; meant \describe ? checkRd: (-1) aggregate.tracks.Rd:46-47: Lost braces in \itemize; meant \describe ? checkRd: (-1) aggregate.tracks.Rd:48-49: Lost braces in \itemize; meant \describe ? checkRd: (-1) aggregate.tracks.Rd:50-52: Lost braces in \itemize; meant \describe ? checkRd: (-1) repairGaps.Rd:15: Lost braces in \itemize; meant \describe ? checkRd: (-1) repairGaps.Rd:16-19: Lost braces in \itemize; meant \describe ? checkRd: (-1) repairGaps.Rd:20-23: Lost braces in \itemize; meant \describe ? Flavors: r-devel-linux-x86_64-debian-clang, r-devel-linux-x86_64-debian-gcc