CRAN Package Check Results for Package cellranger

Last updated on 2024-02-29 15:53:40 CET.

Flavor Version Tinstall Tcheck Ttotal Status Flags
r-devel-linux-x86_64-debian-clang 1.1.0 1.99 34.81 36.80 NOTE
r-devel-linux-x86_64-debian-gcc 1.1.0 2.15 26.10 28.25 NOTE
r-devel-linux-x86_64-fedora-clang 1.1.0 46.10 NOTE
r-devel-linux-x86_64-fedora-gcc 1.1.0 57.18 NOTE
r-devel-windows-x86_64 1.1.0 4.00 51.00 55.00 NOTE
r-patched-linux-x86_64 1.1.0 2.53 32.95 35.48 NOTE
r-release-linux-x86_64 1.1.0 2.60 33.56 36.16 NOTE
r-release-macos-arm64 1.1.0 26.00 NOTE
r-release-macos-x86_64 1.1.0 36.00 NOTE
r-release-windows-x86_64 1.1.0 5.00 55.00 60.00 NOTE
r-oldrel-macos-arm64 1.1.0 19.00 NOTE
r-oldrel-windows-x86_64 1.1.0 5.00 54.00 59.00 NOTE

Check Details

Version: 1.1.0
Check: LazyData
Result: NOTE 'LazyData' is specified without a 'data' directory Flavors: r-devel-linux-x86_64-debian-clang, r-devel-linux-x86_64-debian-gcc, r-devel-linux-x86_64-fedora-clang, r-devel-linux-x86_64-fedora-gcc, r-devel-windows-x86_64, r-patched-linux-x86_64, r-release-linux-x86_64, r-release-macos-arm64, r-release-macos-x86_64, r-release-windows-x86_64, r-oldrel-macos-arm64, r-oldrel-windows-x86_64