Last updated on 2023-12-01 16:51:13 CET.
Flavor | Version | Tinstall | Tcheck | Ttotal | Status | Flags |
---|---|---|---|---|---|---|
r-devel-linux-x86_64-debian-clang | 2.5.3 | 155.87 | 308.72 | 464.59 | OK | |
r-devel-linux-x86_64-debian-gcc | 2.5.3 | 114.60 | 226.94 | 341.54 | OK | |
r-devel-linux-x86_64-fedora-clang | 2.5.3 | 664.19 | NOTE | |||
r-devel-linux-x86_64-fedora-gcc | 2.5.3 | 658.58 | OK | |||
r-devel-windows-x86_64 | 2.5.3 | 122.00 | 278.00 | 400.00 | NOTE | |
r-patched-linux-x86_64 | 2.5.3 | 143.31 | 299.75 | 443.06 | OK | |
r-release-linux-x86_64 | 2.5.3 | 132.69 | 270.35 | 403.04 | OK | |
r-release-macos-arm64 | 2.5.3 | 169.00 | NOTE | |||
r-release-macos-x86_64 | 2.5.3 | 309.00 | NOTE | |||
r-release-windows-x86_64 | 2.5.3 | 157.00 | 349.00 | 506.00 | NOTE | |
r-oldrel-macos-arm64 | 2.5.3 | 209.00 | NOTE | |||
r-oldrel-macos-x86_64 | 2.5.2 | 225.00 | NOTE | |||
r-oldrel-windows-x86_64 | 2.5.3 | 148.00 | 355.00 | 503.00 | NOTE |
Version: 2.5.3
Check: installed package size
Result: NOTE
installed size is 6.7Mb
sub-directories of 1Mb or more:
data 3.2Mb
doc 2.0Mb
Flavors: r-devel-linux-x86_64-fedora-clang, r-devel-windows-x86_64, r-release-macos-arm64, r-release-macos-x86_64, r-release-windows-x86_64, r-oldrel-macos-arm64, r-oldrel-windows-x86_64
Version: 2.5.2
Check: installed package size
Result: NOTE
installed size is 15.7Mb
sub-directories of 1Mb or more:
data 3.2Mb
doc 2.1Mb
libs 9.9Mb
Flavor: r-oldrel-macos-x86_64