CRAN Package Check Results for Package ceRtainty

Last updated on 2020-08-13 15:50:57 CEST.

Flavor Version Tinstall Tcheck Ttotal Status Flags
r-devel-linux-x86_64-debian-clang 1.0.0 0.46 2.52 2.98 ERROR
r-devel-linux-x86_64-debian-gcc 1.0.0 3.23 31.04 34.27 OK
r-devel-linux-x86_64-fedora-clang 1.0.0 62.23 NOTE
r-devel-linux-x86_64-fedora-gcc 1.0.0 52.43 NOTE
r-devel-windows-ix86+x86_64 1.0.0 20.00 58.00 78.00 OK
r-patched-linux-x86_64 1.0.0 3.80 39.34 43.14 OK
r-patched-solaris-x86 1.0.0 75.50 NOTE
r-release-linux-x86_64 1.0.0 4.20 39.36 43.56 OK
r-release-macos-x86_64 1.0.0 NOTE
r-release-windows-ix86+x86_64 1.0.0 17.00 73.00 90.00 OK
r-oldrel-macos-x86_64 1.0.0 NOTE
r-oldrel-windows-ix86+x86_64 1.0.0 7.00 53.00 60.00 OK

Check Details

Version: 1.0.0
Check: package dependencies
Result: ERROR
    Package required but not available: 'tidyr'
    
    See section 'The DESCRIPTION file' in the 'Writing R Extensions'
    manual.
Flavor: r-devel-linux-x86_64-debian-clang

Version: 1.0.0
Check: dependencies in R code
Result: NOTE
    Namespaces in Imports field not imported from:
     ‘base’ ‘stats’ ‘tidyr’
     All declared Imports should be used.
Flavors: r-devel-linux-x86_64-fedora-clang, r-devel-linux-x86_64-fedora-gcc, r-patched-solaris-x86, r-release-macos-x86_64, r-oldrel-macos-x86_64