CRAN Package Check Results for Package cdparcoord

Last updated on 2020-08-13 15:50:57 CEST.

Flavor Version Tinstall Tcheck Ttotal Status Flags
r-devel-linux-x86_64-debian-clang 1.0.1 0.97 2.67 3.64 ERROR
r-devel-linux-x86_64-debian-gcc 1.0.1 7.09 46.26 53.35 OK
r-devel-linux-x86_64-fedora-clang 1.0.1 88.92 OK
r-devel-linux-x86_64-fedora-gcc 1.0.1 80.25 OK
r-devel-windows-ix86+x86_64 1.0.1 37.00 76.00 113.00 OK
r-patched-linux-x86_64 1.0.1 9.00 58.74 67.74 OK
r-patched-solaris-x86 1.0.1 127.20 OK
r-release-linux-x86_64 1.0.1 6.06 58.79 64.85 OK
r-release-macos-x86_64 1.0.1 OK
r-release-windows-ix86+x86_64 1.0.1 31.00 104.00 135.00 OK
r-oldrel-macos-x86_64 1.0.1 OK
r-oldrel-windows-ix86+x86_64 1.0.1 14.00 71.00 85.00 OK

Check Details

Version: 1.0.1
Check: package dependencies
Result: ERROR
    Package required but not available: 'plotly'
    
    See section 'The DESCRIPTION file' in the 'Writing R Extensions'
    manual.
Flavor: r-devel-linux-x86_64-debian-clang