CRAN Package Check Results for Package cdcsis

Last updated on 2024-02-25 04:51:01 CET.

Flavor Version Tinstall Tcheck Ttotal Status Flags
r-devel-linux-x86_64-debian-clang 2.0.3 36.78 84.06 120.84 NOTE
r-devel-linux-x86_64-debian-gcc 2.0.3 33.98 66.10 100.08 NOTE
r-devel-linux-x86_64-fedora-clang 2.0.3 181.63 NOTE
r-devel-linux-x86_64-fedora-gcc 2.0.3 169.07 NOTE
r-devel-windows-x86_64 2.0.3 36.00 106.00 142.00 NOTE
r-patched-linux-x86_64 2.0.3 40.90 84.68 125.58 NOTE
r-release-linux-x86_64 2.0.3 36.93 84.85 121.78 NOTE
r-release-macos-arm64 2.0.3 57.00 NOTE
r-release-macos-x86_64 2.0.3 89.00 NOTE
r-release-windows-x86_64 2.0.3 44.00 121.00 165.00 NOTE
r-oldrel-macos-arm64 2.0.3 60.00 OK
r-oldrel-windows-x86_64 2.0.3 41.00 113.00 154.00 OK

Check Details

Version: 2.0.3
Check: C++ specification
Result: NOTE Specified C++11: please drop specification unless essential Flavors: r-devel-linux-x86_64-debian-clang, r-devel-linux-x86_64-debian-gcc, r-devel-linux-x86_64-fedora-clang, r-devel-linux-x86_64-fedora-gcc, r-devel-windows-x86_64, r-patched-linux-x86_64, r-release-linux-x86_64, r-release-macos-arm64, r-release-macos-x86_64, r-release-windows-x86_64