CRAN Package Check Results for Package ccid

Last updated on 2024-04-18 16:49:49 CEST.

Flavor Version Tinstall Tcheck Ttotal Status Flags
r-devel-linux-x86_64-debian-clang 1.2.0 3.39 165.24 168.63 OK
r-devel-linux-x86_64-debian-gcc 1.2.0 2.73 105.16 107.89 OK
r-devel-linux-x86_64-fedora-clang 1.2.0 211.76 NOTE
r-devel-linux-x86_64-fedora-gcc 1.2.0 192.28 NOTE
r-prerel-macos-arm64 1.2.0 51.00 OK
r-prerel-windows-x86_64 1.2.0 4.00 140.00 144.00 OK
r-patched-linux-x86_64 1.2.0 4.26 158.64 162.90 OK
r-release-linux-x86_64 1.2.0 3.25 161.28 164.53 OK
r-release-macos-arm64 1.2.0 57.00 OK
r-release-macos-x86_64 1.2.0 89.00 OK
r-release-windows-x86_64 1.2.0 5.00 162.00 167.00 OK
r-oldrel-macos-arm64 1.2.0 43.00 NOTE
r-oldrel-windows-x86_64 1.2.0 5.00 158.00 163.00 OK

Check Details

Version: 1.2.0
Check: dependencies in R code
Result: NOTE Namespace in Imports field not imported from: ‘GeneNet’ All declared Imports should be used. Flavors: r-devel-linux-x86_64-fedora-clang, r-devel-linux-x86_64-fedora-gcc, r-oldrel-macos-arm64