CRAN Package Check Results for Package cbcTools

Last updated on 2024-02-26 04:49:22 CET.

Flavor Version Tinstall Tcheck Ttotal Status Flags
r-devel-linux-x86_64-debian-clang 0.5.0 7.33 88.72 96.05 NOTE
r-devel-linux-x86_64-debian-gcc 0.5.0 6.09 64.31 70.40 NOTE
r-devel-linux-x86_64-fedora-clang 0.5.0 115.05 OK
r-devel-linux-x86_64-fedora-gcc 0.5.0 232.47 OK
r-devel-windows-x86_64 0.5.0 7.00 86.00 93.00 OK
r-patched-linux-x86_64 0.5.0 6.64 85.58 92.22 OK
r-release-linux-x86_64 0.5.0 4.56 84.25 88.81 OK
r-release-macos-arm64 0.5.0 56.00 OK
r-release-macos-x86_64 0.5.0 129.00 OK
r-release-windows-x86_64 0.5.0 10.00 100.00 110.00 OK
r-oldrel-macos-arm64 0.5.0 60.00 OK
r-oldrel-windows-x86_64 0.5.0 10.00 104.00 114.00 OK

Check Details

Version: 0.5.0
Check: Rd files
Result: NOTE checkRd: (-1) cbc_design.Rd:160: Lost braces; missing escapes or markup? 160 | see \code{?DoE.base::fac.design} as well as the JSS article on the {DoE.base} | ^ checkRd: (-1) cbc_design.Rd:174: Lost braces; missing escapes or markup? 174 | well as the JSS article on the {DoE.base} package (Grömping, 2018). | ^ checkRd: (-1) cbc_design.Rd:197: Lost braces; missing escapes or markup? 197 | {idefix} package (Traets et al, 2020). | ^ checkRd: (-1) cbc_power.Rd:70: Lost braces; missing escapes or markup? 70 | estimation. See the {logitr} documentation for details about other | ^ Flavors: r-devel-linux-x86_64-debian-clang, r-devel-linux-x86_64-debian-gcc