Last updated on 2023-09-30 16:56:53 CEST.
Flavor | Version | Tinstall | Tcheck | Ttotal | Status | Flags |
---|---|---|---|---|---|---|
r-devel-linux-x86_64-debian-clang | 1.0.4 | 17.41 | 123.85 | 141.26 | OK | |
r-devel-linux-x86_64-debian-gcc | 1.0.4 | 14.37 | 96.91 | 111.28 | OK | |
r-devel-linux-x86_64-fedora-clang | 1.0.4 | 183.64 | NOTE | |||
r-devel-linux-x86_64-fedora-gcc | 1.0.4 | 178.04 | NOTE | |||
r-devel-windows-x86_64 | 1.0.4 | 17.00 | 111.00 | 128.00 | OK | |
r-patched-linux-x86_64 | 1.0.4 | 18.96 | 111.81 | 130.77 | OK | |
r-release-linux-x86_64 | 1.0.4 | 21.04 | 114.78 | 135.82 | OK | |
r-release-macos-arm64 | 1.0.4 | 51.00 | OK | |||
r-release-macos-x86_64 | 1.0.4 | 136.00 | OK | |||
r-release-windows-x86_64 | 1.0.4 | 24.00 | 134.00 | 158.00 | OK | |
r-oldrel-macos-arm64 | 1.0.4 | 49.00 | OK | |||
r-oldrel-macos-x86_64 | 1.0.4 | 70.00 | OK | |||
r-oldrel-windows-x86_64 | 1.0.4 | 23.00 | 129.00 | 152.00 | OK |
Version: 1.0.4
Check: data for non-ASCII characters
Result: NOTE
Note: found 1 marked UTF-8 string
Flavors: r-devel-linux-x86_64-fedora-clang, r-devel-linux-x86_64-fedora-gcc