CRAN Package Check Results for Package catmaply

Last updated on 2024-03-01 16:49:15 CET.

Flavor Version Tinstall Tcheck Ttotal Status Flags
r-devel-linux-x86_64-debian-clang 0.9.4 5.61 103.98 109.59 OK
r-devel-linux-x86_64-debian-gcc 0.9.4 3.34 74.31 77.65 OK
r-devel-linux-x86_64-fedora-clang 0.9.4 130.76 NOTE
r-devel-linux-x86_64-fedora-gcc 0.9.4 132.30 OK
r-devel-windows-x86_64 0.9.4 5.00 99.00 104.00 NOTE
r-patched-linux-x86_64 0.9.4 4.11 103.99 108.10 OK
r-release-linux-x86_64 0.9.4 4.87 98.68 103.55 OK
r-release-macos-arm64 0.9.4 64.00 NOTE
r-release-macos-x86_64 0.9.4 98.00 NOTE
r-release-windows-x86_64 0.9.4 8.00 125.00 133.00 NOTE
r-oldrel-macos-arm64 0.9.4 55.00 NOTE
r-oldrel-windows-x86_64 0.9.4 6.00 118.00 124.00 NOTE

Check Details

Version: 0.9.4
Check: installed package size
Result: NOTE installed size is 20.3Mb sub-directories of 1Mb or more: doc 19.9Mb Flavors: r-devel-linux-x86_64-fedora-clang, r-devel-windows-x86_64, r-release-macos-arm64, r-release-macos-x86_64, r-release-windows-x86_64, r-oldrel-macos-arm64, r-oldrel-windows-x86_64