CRAN Package Check Results for Package cargo

Last updated on 2024-07-18 04:50:10 CEST.

Flavor Version Tinstall Tcheck Ttotal Status Flags
r-devel-linux-x86_64-debian-clang 0.4.9 2.54 25.73 28.27 NOTE
r-devel-linux-x86_64-debian-gcc 0.4.9 2.41 19.96 22.37 NOTE
r-devel-linux-x86_64-fedora-clang 0.4.9 36.33 NOTE
r-devel-linux-x86_64-fedora-gcc 0.4.9 34.36 NOTE
r-devel-windows-x86_64 0.4.9 5.00 43.00 48.00 NOTE
r-patched-linux-x86_64 0.4.9 3.34 24.30 27.64 NOTE
r-release-linux-x86_64 0.4.9 2.60 24.66 27.26 NOTE
r-release-macos-arm64 0.4.9 16.00 NOTE
r-release-macos-x86_64 0.4.9 23.00 NOTE
r-release-windows-x86_64 0.4.9 3.00 44.00 47.00 NOTE
r-oldrel-macos-arm64 0.4.9 20.00 OK
r-oldrel-macos-x86_64 0.4.9 36.00 OK
r-oldrel-windows-x86_64 0.4.9 4.00 44.00 48.00 OK

Check Details

Version: 0.4.9
Check: Rd files
Result: NOTE checkRd: (-1) build_for_cran.Rd:13: Lost braces 13 | The exit status code{R CMD build}, invisibly. | ^ Flavors: r-devel-linux-x86_64-debian-clang, r-devel-linux-x86_64-debian-gcc, r-devel-linux-x86_64-fedora-clang, r-devel-linux-x86_64-fedora-gcc, r-devel-windows-x86_64, r-patched-linux-x86_64, r-release-linux-x86_64, r-release-macos-arm64, r-release-macos-x86_64, r-release-windows-x86_64