Last updated on 2023-09-24 05:53:06 CEST.
Flavor | Version | Tinstall | Tcheck | Ttotal | Status | Flags |
---|---|---|---|---|---|---|
r-devel-linux-x86_64-debian-clang | 0.1.0 | 12.05 | 137.92 | 149.97 | NOTE | |
r-devel-linux-x86_64-debian-gcc | 0.1.0 | 9.41 | 102.14 | 111.55 | NOTE | |
r-devel-linux-x86_64-fedora-clang | 0.1.0 | 181.84 | NOTE | |||
r-devel-linux-x86_64-fedora-gcc | 0.1.0 | 188.41 | NOTE | |||
r-devel-windows-x86_64 | 0.1.0 | 12.00 | 124.00 | 136.00 | NOTE | |
r-patched-linux-x86_64 | 0.1.0 | 12.41 | 129.32 | 141.73 | NOTE | |
r-release-linux-x86_64 | 0.1.0 | 9.81 | 132.60 | 142.41 | NOTE | |
r-release-macos-arm64 | 0.1.0 | 63.00 | NOTE | |||
r-release-macos-x86_64 | 0.1.0 | 101.00 | NOTE | |||
r-release-windows-x86_64 | 0.1.0 | 15.00 | 145.00 | 160.00 | NOTE | |
r-oldrel-macos-arm64 | 0.1.0 | 53.00 | NOTE | |||
r-oldrel-macos-x86_64 | 0.1.0 | 89.00 | NOTE | |||
r-oldrel-windows-x86_64 | 0.1.0 | 15.00 | 143.00 | 158.00 | OK |
Version: 0.1.0
Check: package subdirectories
Result: NOTE
Problems with news in ‘NEWS.md’:
No news entries found.
Flavors: r-devel-linux-x86_64-debian-clang, r-devel-linux-x86_64-debian-gcc, r-devel-linux-x86_64-fedora-clang, r-devel-linux-x86_64-fedora-gcc, r-devel-windows-x86_64, r-patched-linux-x86_64, r-release-linux-x86_64, r-release-macos-arm64, r-release-macos-x86_64, r-release-windows-x86_64
Version: 0.1.0
Check: dependencies in R code
Result: NOTE
Namespaces in Imports field not imported from:
‘Hmisc’ ‘methods’ ‘readr’ ‘recipes’ ‘sf’ ‘stringr’ ‘utils’
All declared Imports should be used.
Flavors: r-devel-linux-x86_64-fedora-clang, r-devel-linux-x86_64-fedora-gcc, r-oldrel-macos-arm64, r-oldrel-macos-x86_64