Last updated on 2023-10-01 05:53:07 CEST.
Flavor | Version | Tinstall | Tcheck | Ttotal | Status | Flags |
---|---|---|---|---|---|---|
r-devel-linux-x86_64-debian-clang | 3.1-2 | 22.76 | 175.74 | 198.50 | OK | |
r-devel-linux-x86_64-debian-gcc | 3.1-2 | 18.00 | 130.22 | 148.22 | OK | |
r-devel-linux-x86_64-fedora-clang | 3.1-2 | 245.41 | NOTE | |||
r-devel-linux-x86_64-fedora-gcc | 3.1-2 | 267.72 | OK | |||
r-devel-windows-x86_64 | 3.1-2 | 20.00 | 177.00 | 197.00 | OK | |
r-patched-linux-x86_64 | 3.1-2 | 34.04 | 173.10 | 207.14 | OK | |
r-release-linux-x86_64 | 3.1-2 | 20.06 | 174.20 | 194.26 | OK | |
r-release-macos-arm64 | 3.1-2 | 74.00 | OK | |||
r-release-macos-x86_64 | 3.1-2 | 117.00 | NOTE | |||
r-release-windows-x86_64 | 3.1-2 | 28.00 | 208.00 | 236.00 | OK | |
r-oldrel-macos-arm64 | 3.1-2 | 69.00 | OK | |||
r-oldrel-macos-x86_64 | 3.1-2 | 84.00 | OK | |||
r-oldrel-windows-x86_64 | 3.1-2 | 28.00 | 199.00 | 227.00 | OK |
Version: 3.1-2
Check: Rd cross-references
Result: NOTE
Undeclared package ‘plotrix’ in Rd xrefs
Flavor: r-devel-linux-x86_64-fedora-clang
Version: 3.1-2
Check: package dependencies
Result: NOTE
Package suggested but not available for checking: ‘alr4’
Flavor: r-release-macos-x86_64