Last updated on 2023-09-22 16:53:55 CEST.
Flavor | Version | Tinstall | Tcheck | Ttotal | Status | Flags |
---|---|---|---|---|---|---|
r-devel-linux-x86_64-debian-clang | 3.7.3 | 9.23 | 124.96 | 134.19 | NOTE | |
r-devel-linux-x86_64-debian-gcc | 3.7.3 | 7.31 | 98.34 | 105.65 | NOTE | |
r-devel-linux-x86_64-fedora-clang | 3.7.3 | 162.60 | NOTE | |||
r-devel-linux-x86_64-fedora-gcc | 3.7.3 | 162.75 | NOTE | |||
r-devel-windows-x86_64 | 3.7.3 | 9.00 | 137.00 | 146.00 | NOTE | |
r-patched-linux-x86_64 | 3.7.3 | 10.32 | 121.75 | 132.07 | OK | |
r-release-linux-x86_64 | 3.7.3 | 7.30 | 124.01 | 131.31 | OK | |
r-release-macos-arm64 | 3.7.3 | 65.00 | OK | |||
r-release-macos-x86_64 | 3.7.3 | 95.00 | OK | |||
r-release-windows-x86_64 | 3.7.3 | 10.00 | 152.00 | 162.00 | OK | |
r-oldrel-macos-arm64 | 3.7.3 | 75.00 | OK | |||
r-oldrel-macos-x86_64 | 3.7.3 | 94.00 | OK | |||
r-oldrel-windows-x86_64 | 3.7.3 | 15.00 | 151.00 | 166.00 | OK |
Version: 3.7.3
Check: Rd \usage sections
Result: NOTE
Documented arguments not in \usage in documentation object 'get_result':
‘out’
Functions with \usage entries need to have the appropriate \alias
entries, and all their arguments documented.
The \usage entries must correspond to syntactically valid R code.
See chapter ‘Writing R documentation files’ in the ‘Writing R
Extensions’ manual.
Flavors: r-devel-linux-x86_64-debian-clang, r-devel-linux-x86_64-debian-gcc, r-devel-linux-x86_64-fedora-clang, r-devel-linux-x86_64-fedora-gcc, r-devel-windows-x86_64