Last updated on 2023-12-01 04:53:52 CET.
Flavor | Version | Tinstall | Tcheck | Ttotal | Status | Flags |
---|---|---|---|---|---|---|
r-devel-linux-x86_64-debian-clang | 0.5.0 | 21.06 | 189.70 | 210.76 | NOTE | |
r-devel-linux-x86_64-debian-gcc | 0.5.0 | 16.65 | 140.96 | 157.61 | NOTE | |
r-devel-linux-x86_64-fedora-clang | 0.5.0 | 274.01 | NOTE | |||
r-devel-linux-x86_64-fedora-gcc | 0.5.0 | 284.05 | NOTE | |||
r-devel-windows-x86_64 | 0.5.0 | 19.00 | 160.00 | 179.00 | OK | |
r-patched-linux-x86_64 | 0.5.0 | 26.59 | 181.05 | 207.64 | OK | |
r-release-linux-x86_64 | 0.5.0 | 21.78 | 179.96 | 201.74 | OK | |
r-release-macos-arm64 | 0.5.0 | 78.00 | OK | |||
r-release-macos-x86_64 | 0.5.0 | 132.00 | OK | |||
r-release-windows-x86_64 | 0.5.0 | 24.00 | 201.00 | 225.00 | OK | |
r-oldrel-macos-arm64 | 0.5.0 | 78.00 | NOTE | |||
r-oldrel-macos-x86_64 | 0.5.0 | 83.00 | NOTE | |||
r-oldrel-windows-x86_64 | 0.5.0 | 26.00 | 167.00 | 193.00 | OK |
Version: 0.5.0
Check: Rd files
Result: NOTE
checkRd: (-1) calculateEffects.Rd:24: Lost braces; missing escapes or markup?
24 | equals (I-B)^{-1}Gamma. The indirect effect equals the difference between
| ^
Flavors: r-devel-linux-x86_64-debian-clang, r-devel-linux-x86_64-debian-gcc
Version: 0.5.0
Check: package dependencies
Result: NOTE
Imports includes 21 non-default packages.
Importing from so many packages makes the package vulnerable to any of
them becoming unavailable. Move as many as possible to Suggests and
use conditionally.
Flavor: r-devel-linux-x86_64-fedora-clang
Version: 0.5.0
Check: dependencies in R code
Result: NOTE
Namespace in Imports field not imported from: ‘Rdpack’
All declared Imports should be used.
Flavors: r-devel-linux-x86_64-fedora-clang, r-devel-linux-x86_64-fedora-gcc, r-oldrel-macos-arm64, r-oldrel-macos-x86_64