CRAN Package Check Results for Package c3net

Last updated on 2020-10-30 15:49:12 CET.

Flavor Version Tinstall Tcheck Ttotal Status Flags
r-devel-linux-x86_64-debian-clang 1.1.1 2.90 49.62 52.52 NOTE
r-devel-linux-x86_64-debian-gcc 1.1.1 2.31 38.96 41.27 NOTE
r-devel-linux-x86_64-fedora-clang 1.1.1 72.16 NOTE
r-devel-linux-x86_64-fedora-gcc 1.1.1 62.16 NOTE
r-devel-windows-ix86+x86_64 1.1.1 5.00 103.00 108.00 NOTE
r-patched-linux-x86_64 1.1.1 2.68 49.29 51.97 NOTE
r-patched-solaris-x86 1.1.1 117.30 NOTE
r-release-linux-x86_64 1.1.1 2.38 48.44 50.82 NOTE
r-release-macos-x86_64 1.1.1 NOTE
r-release-windows-ix86+x86_64 1.1.1 5.00 91.00 96.00 NOTE
r-oldrel-macos-x86_64 1.1.1 NOTE
r-oldrel-windows-ix86+x86_64 1.1.1 5.00 84.00 89.00 NOTE

Check Details

Version: 1.1.1
Check: R code for possible problems
Result: NOTE
    makemim: no visible global function definition for 'cor'
    sigtestMTC: no visible global function definition for 'p.adjust'
    Undefined global functions or variables:
     cor p.adjust
    Consider adding
     importFrom("stats", "cor", "p.adjust")
    to your NAMESPACE file.
Flavors: r-devel-linux-x86_64-debian-clang, r-devel-linux-x86_64-debian-gcc, r-devel-linux-x86_64-fedora-clang, r-devel-linux-x86_64-fedora-gcc, r-devel-windows-ix86+x86_64, r-patched-linux-x86_64, r-patched-solaris-x86, r-release-linux-x86_64, r-release-macos-x86_64, r-release-windows-ix86+x86_64, r-oldrel-macos-x86_64, r-oldrel-windows-ix86+x86_64