CRAN Package Check Results for Package butcher

Last updated on 2020-08-06 04:47:57 CEST.

Flavor Version Tinstall Tcheck Ttotal Status Flags
r-devel-linux-x86_64-debian-clang 0.1.2 4.23 90.09 94.32 OK
r-devel-linux-x86_64-debian-gcc 0.1.2 3.20 67.94 71.14 OK
r-devel-linux-x86_64-fedora-clang 0.1.2 121.11 NOTE
r-devel-linux-x86_64-fedora-gcc 0.1.2 113.49 NOTE
r-devel-windows-ix86+x86_64 0.1.2 18.00 138.00 156.00 OK
r-patched-linux-x86_64 0.1.2 4.55 86.96 91.51 OK
r-patched-solaris-x86 0.1.2 209.80 NOTE
r-release-linux-x86_64 0.1.2 4.59 87.32 91.91 OK
r-release-macos-x86_64 0.1.2 NOTE
r-release-windows-ix86+x86_64 0.1.2 18.00 114.00 132.00 OK
r-oldrel-macos-x86_64 0.1.2 NOTE
r-oldrel-windows-ix86+x86_64 0.1.2 8.00 86.00 94.00 OK

Check Details

Version: 0.1.2
Check: dependencies in R code
Result: NOTE
    Namespace in Imports field not imported from: ‘modeldata’
     All declared Imports should be used.
Flavors: r-devel-linux-x86_64-fedora-clang, r-devel-linux-x86_64-fedora-gcc, r-patched-solaris-x86, r-release-macos-x86_64, r-oldrel-macos-x86_64