CRAN Package Check Results for Package busdater

Last updated on 2020-10-30 03:50:09 CET.

Flavor Version Tinstall Tcheck Ttotal Status Flags
r-devel-linux-x86_64-debian-clang 0.2.0 3.46 38.63 42.09 OK
r-devel-linux-x86_64-debian-gcc 0.2.0 2.70 29.91 32.61 OK
r-devel-linux-x86_64-fedora-clang 0.2.0 59.36 OK
r-devel-linux-x86_64-fedora-gcc 0.2.0 50.20 OK
r-devel-windows-ix86+x86_64 0.2.0 9.00 11.00 20.00 ERROR
r-patched-linux-x86_64 0.2.0 3.43 37.31 40.74 OK
r-patched-solaris-x86 0.2.0 78.30 OK
r-release-linux-x86_64 0.2.0 3.23 36.82 40.05 OK
r-release-macos-x86_64 0.2.0 OK
r-release-windows-ix86+x86_64 0.2.0 7.00 61.00 68.00 OK
r-oldrel-macos-x86_64 0.2.0 OK
r-oldrel-windows-ix86+x86_64 0.2.0 16.00 56.00 72.00 OK

Check Details

Version: 0.2.0
Check: whether the package can be loaded
Result: ERROR
    Loading this package had a fatal error status code 1
    Loading log:
    Error: package or namespace load failed for 'stats' in inDL(x, as.logical(local), as.logical(now), ...):
     unable to load shared object 'D:/RCompile/recent/R/library/stats/libs/x64/stats.dll':
     LoadLibrary failure: Das angegebene Modul wurde nicht gefunden.
    
    During startup - Warning message:
    package 'stats' in options("defaultPackages") was not found
    Error: package or namespace load failed for 'busdater' in inDL(x, as.logical(local), as.logical(now), ...):
     unable to load shared object 'D:/RCompile/recent/R/library/stats/libs/x64/stats.dll':
     LoadLibrary failure: Das angegebene Modul wurde nicht gefunden.
    Execution halted
Flavor: r-devel-windows-ix86+x86_64