CRAN Package Check Results for Package buildmer

Last updated on 2020-10-30 03:50:09 CET.

Flavor Version Tinstall Tcheck Ttotal Status Flags
r-devel-linux-x86_64-debian-clang 1.7.1 11.50 161.84 173.34 OK
r-devel-linux-x86_64-debian-gcc 1.7.1 11.22 127.60 138.82 OK
r-devel-linux-x86_64-fedora-clang 1.7.1 231.20 OK
r-devel-linux-x86_64-fedora-gcc 1.7.1 212.77 OK
r-devel-windows-ix86+x86_64 1.7.1 28.00 54.00 82.00 FAIL
r-patched-linux-x86_64 1.7.1 10.66 155.83 166.49 OK
r-patched-solaris-x86 1.7.1 335.30 OK
r-release-linux-x86_64 1.7.1 11.00 160.54 171.54 OK
r-release-macos-x86_64 1.7.1 OK
r-release-windows-ix86+x86_64 1.7.1 20.00 173.00 193.00 OK
r-oldrel-macos-x86_64 1.7.1 OK
r-oldrel-windows-ix86+x86_64 1.7.1 22.00 208.00 230.00 OK

Check Details

Version: 1.7.1
Check: R code for possible problems
Result: FAIL
Flavor: r-devel-windows-ix86+x86_64